NOAA-Style Climate Reports


Report for 2024 July
                   MONTHLY CLIMATOLOGICAL SUMMARY for JUL 2024


NAME: KX5I                  CITY: Hogshooter Valley, Bartlesville  STATE:  OK                 
ELEV: 720 ft    LAT: 36.7 N    LONG: 95.9 W


                   TEMPERATURE (F), RAIN (in), WIND SPEED (mph)

                                         HEAT   COOL         AVG
      MEAN                               DEG    DEG          WIND                  DOM
DAY   TEMP   HIGH  TIME    LOW   TIME    DAYS   DAYS   RAIN  SPEED   HIGH  TIME    DIR
---------------------------------------------------------------------------------------
01    84.1   94.9  15:07   72.9  05:14    0.0   18.9   0.01   4.1    18.0  17:05   ESE
02    87.7   97.5  15:36   79.0  06:16    0.0   23.2   0.01   6.1    20.0  14:25   SSE
03    84.1   93.2  16:19   77.8  10:21    0.0   20.5   0.00   1.6    15.0  00:35   S
04    84.0   98.2  17:05   75.0  19:18    0.0   21.6   0.00   2.0    18.0  19:15   SSW
05    77.5   86.8  16:59   68.1  06:40    0.0   12.5   0.00   0.7     8.0  11:31   NNE
06    78.8   92.4  16:08   64.6  05:48    0.0   13.5   0.00   1.0     9.0  15:20   S
07    75.2   85.5  17:24   68.3  11:46    0.0   11.9   0.00   1.7    20.0  11:40   S
08    76.3   88.6  16:43   69.4  06:12    0.0   14.0   0.00   1.6    14.0  18:34   SSW
09    77.7   89.6  18:43   69.0  02:58    0.0   14.3   0.00   1.6    12.0  10:35   NNE
10    80.1   95.0  17:34   65.0  06:24    0.0   15.0   0.00   0.7     7.0  12:30   NNW
11    82.4   95.2  16:40   69.0  05:08    0.0   17.1   0.00   2.9    15.0  14:40   SSE
12    84.2   95.1  16:14   72.3  07:04    0.0   18.7   0.00   4.6    21.0  10:50   SSE
13    83.1   94.4  17:00   74.9  06:26    0.0   19.7   0.00   3.5    15.0  14:56   SSE
14    86.2   98.5  16:31   75.1  06:42    0.0   21.8   0.00   4.0    15.0  08:42   S
15    87.2  100.3  16:32   75.3  06:37    0.0   22.8   0.00   4.3    17.0  10:30   SSE
16    84.9   93.0  17:49   79.6  23:48    0.0   21.3   0.01   2.6    21.0  10:13   SSE
17    77.9   87.7  18:49   71.4  07:26    0.0   14.5   0.07   2.6    30.0  03:05   NE
18    76.3   86.1  15:13   66.8  06:41    0.0   11.5   0.00   2.6    14.0  15:30   NE
---------------------------------------------------------------------------------------
      81.5  100.3    15    64.6     6     0.0  312.8   0.10   2.7    30.0    17    SSE

Max >=  90.0:  12
Max <=  32.0:  0
Min <=  32.0:  0
Min <=   0.0:  0
Max Rain    :  0.07 in ON 07/17/2024
Days of Rain: 1 (> 0.01 in) 0 (> 0.10 in) 0 (> 1.00 in)