NOAA-Style Climate Reports


Report for 2022
                   ANNUAL CLIMATOLOGICAL SUMMARY for 2022


NAME: KX5I                  CITY: Hogshooter Valley, Bartlesville  STATE:  OK                 
ELEV: 720 ft    LAT: 36.7 N    LONG: 95.9 W


                 TEMPERATURE (F), RAIN (in), WIND SPEED (mph)

                            DEP.    HEAT    COOL
          MEAN  MEAN        FROM    DEG     DEG                          MAX  MAX  MIN   MIN
 YR  MO   MAX   MIN   MEAN  NORM    DAYS    DAYS     HI DATE   LOW DATE  >=90 <=32 <=32  <=0
---------------------------------------------------------------------------------------------
2022 01   48.6  18.9  32.3  -3.6   969.6     0.0   70.5  31    4.9  21      0    3   29    0
2022 02   53.0  20.6  37.3  -1.2   563.5     0.0   75.7  20    0.0  10      0    1   17    1
2022 03   62.7  38.0  49.9  -0.8   462.6     8.4   82.2   2   16.8  12      0    0    7    0
2022 04   70.9  48.5  59.6   0.3   200.2    41.2   82.5  12   31.3   1      0    0    2    0
2022 05   78.7  60.2  68.9   1.3    75.2   213.7   91.9  14   45.7   1      4    0    0    0
2022 06   90.2  68.3  79.1   0.9     0.0   427.0   99.3  24   57.3   4     17    0    0    0
2022 07   98.2  70.0  84.2   2.9     0.0    19.1   98.2   1   70.0   1      1    0    0    0
2022 08
2022 09
2022 10
2022 11
2022 12
---------------------------------------------------------------------------------------------
          71.8  46.4  58.8  -0.4  2271.1   709.3   99.3 JUN    0.0 FEB     22    4   55    1


                            PRECIPITATION (in)

                  DEP.    MAX         ---DAYS OF RAIN---
                  FROM    OBS.                OVER
 YR  MO  TOTAL    NORM    DAY  DATE   0.01   0.10   1.00
---------------------------------------------------------
2022 01   0.22   -0.99   0.18    1       2      1      0
2022 02   0.68   -0.66   0.49   17       5      1      0
2022 03   3.71    0.77   1.76   21       7      5      2
2022 04   2.62   -0.96   1.17   11       8      5      1
2022 05  10.19    3.57   1.59    4      14     12      5
2022 06   2.45   -1.07   1.10    5       4      4      1
2022 07   0.00   -3.93   0.00    0       0      0      0
2022 08
2022 09
2022 10
2022 11
2022 12
---------------------------------------------------------
         19.87  -16.76   1.76  MAR      40     28      9


                              WIND SPEED (mph)

                              DOM
 YR  MO    AVG     HI   DATE  DIR
----------------------------------
2022 01    5.2   32.0    19   NNW
2022 02    6.0   37.0    16     S
2022 03    4.2   34.0    29   SSE
2022 04    5.5   33.0    12   ESE
2022 05    4.2   32.0    30    SE
2022 06    2.8   25.0    14    SE
2022 07    2.0   14.0     1   SSE
2022 08
2022 09
2022 10
2022 11
2022 12
----------------------------------
           4.3   37.0   FEB    SE