NOAA-Style Climate Reports


Report for 2020 September
                   MONTHLY CLIMATOLOGICAL SUMMARY for SEP 2020


NAME: KX5I                  CITY: Hogshooter Valley, Bartlesville  STATE:  OK                 
ELEV: 720 ft    LAT: 36.7 N    LONG: 95.9 W


                   TEMPERATURE (F), RAIN (in), WIND SPEED (mph)

                                         HEAT   COOL         AVG
      MEAN                               DEG    DEG          WIND                  DOM
DAY   TEMP   HIGH  TIME    LOW   TIME    DAYS   DAYS   RAIN  SPEED   HIGH  TIME    DIR
---------------------------------------------------------------------------------------
01    74.0   82.3  16:33   71.0  23:55    0.0   11.7   0.12   3.9    16.0  15:15   SSE
02    73.8   80.9  17:17   67.8  04:18    0.0    9.4   0.13   1.9    15.0  16:40   ESE
03    78.5   92.2  16:40   67.3  04:07    0.0   14.8   0.00   2.6    14.0  11:33   S
04    77.7   90.9  15:56   67.5  07:08    0.0   14.2   0.00   3.2    16.0  00:05   ENE
05    79.0   92.4  15:55   65.0  06:58    0.0   13.7   0.00   3.5    17.0  12:00   SSE
06    81.1   93.6  15:18   68.4  06:59    0.0   16.0   0.00   7.8    29.0  14:30   S
07    81.7   95.9  15:17   70.4  04:28    0.0   18.2   0.00   8.6    27.0  15:35   SSE
08    77.7   92.2  14:55   61.7  23:55    0.0   11.9   0.14   8.3    23.0  16:10   SSE
09    60.5   67.2  15:16   56.7  10:11    3.1    0.0   0.29   7.0    19.0  02:40   N
10    57.0   60.9  17:53   55.6  08:17    6.8    0.0   0.53   5.7    15.0  11:08   NNW
11    62.5   66.0  16:48   57.7  05:01    3.2    0.0   0.02   1.7     8.0  00:55   SE
12    66.9   77.3  16:24   60.0  23:20    0.0    3.7   0.00   2.3    12.0  14:51   S
13    67.3   80.1  15:23   57.5  07:31    0.0    3.8   0.00   2.4    17.0  11:44   NNE
14    66.1   79.1  17:35   52.1  06:31    0.0    0.6   0.00   2.6    13.0  17:25   NNE
15    70.8   84.0  14:53   60.7  23:59    0.0    7.3   0.00   1.7    11.0  15:30   NNE
16    69.7   86.5  16:10   56.4  07:06    0.0    6.5   0.00   1.7    13.0  13:10   NNE
17    69.2   81.2  14:53   59.7  21:05    0.0    5.4   0.00   3.6    16.0  15:20   N
18    65.3   78.3  15:10   54.9  06:18    0.0    1.6   0.00   3.7    17.0  13:30   NNE
19    63.7   79.0  15:42   50.3  06:51    0.3    0.0   0.00   2.3    13.0  12:50   E
20    62.7   80.0  15:31   46.0  06:52    2.0    0.0   0.00   2.8    15.0  13:35   SE
21    64.9   83.3  15:28   48.7  07:22    0.0    1.0   0.00   2.1    16.0  15:59   SE
22    66.1   68.8  17:24   64.1  00:00    0.0    1.5   0.46   2.9    15.0  01:05   ESE
23    66.5   78.1  15:07   56.4  23:55    0.0    2.2   0.00   1.9    15.0  15:20   ENE
24    64.7   80.6  15:50   51.4  07:13    0.0    1.0   0.00   2.4    14.0  13:30   ESE
25    69.4   83.9  16:23   54.4  04:02    0.0    4.2   0.00   7.0    23.0  11:25   SSE
26    72.5   86.7  15:50   62.0  06:55    0.0    9.3   0.00   9.2    24.0  14:40   SSE
---------------------------------------------------------------------------------------
      69.6   95.9     7    46.0    20    15.3  157.9   1.69   4.0    29.0     6    SE

Max >=  90.0:  6
Max <=  32.0:  0
Min <=  32.0:  0
Min <=   0.0:  0
Max Rain    :  0.53 in ON 09/10/2020
Days of Rain: 7 (> 0.01 in) 6 (> 0.10 in) 0 (> 1.00 in)