NOAA-Style Climate Reports


Report for 2024 May
                   MONTHLY CLIMATOLOGICAL SUMMARY for MAY 2024


NAME: KX5I                  CITY: Hogshooter Valley, Bartlesville  STATE:  OK                 
ELEV: 720 ft    LAT: 36.7 N    LONG: 95.9 W


                   TEMPERATURE (F), RAIN (in), WIND SPEED (mph)

                                         HEAT   COOL         AVG
      MEAN                               DEG    DEG          WIND                  DOM
DAY   TEMP   HIGH  TIME    LOW   TIME    DAYS   DAYS   RAIN  SPEED   HIGH  TIME    DIR
---------------------------------------------------------------------------------------
01    70.0   81.7  15:31   61.0  06:48    0.0    6.3   0.31   4.0    20.0  01:30   SSE
02    71.1   80.5  16:31   64.1  23:59    0.0    7.3   0.02   3.7    17.0  06:55   S
03    68.8   80.8  16:38   60.6  06:28    0.0    5.7   0.00   2.7    15.0  00:30   E
04    68.4   77.6  13:10   61.6  23:56    0.0    4.6   0.00   2.5    15.0  15:15   NE
05    59.4   63.1  18:45   55.2  08:29    5.8    0.0   0.62   2.9    17.0  01:05   NE
06    67.1   76.9  17:59   60.0  00:29    0.0    3.5   0.44   4.4    29.0  22:10   ESE
07    70.2   83.3  17:07   57.9  06:26    0.0    5.6   0.00   2.6    17.0  12:55   SSW
08    73.6   84.7  14:35   61.6  00:41    0.0    8.1   0.00   3.4    17.0  17:10   SSW
09    66.6   80.7  16:59   53.2  06:38    0.0    1.9   0.00   1.4    13.0  13:55   NNE
10    67.4   79.8  18:26   54.4  06:23    0.0    2.1   0.00   1.7    14.0  10:25   NNE
11    70.0   84.6  16:20   54.4  04:59    0.0    4.5   0.00   0.8    10.0  13:50   SSE
12    67.6   78.3  14:03   58.4  06:36    0.0    3.4   0.00   2.0    16.0  14:35   S
13    64.7   75.9  14:46   59.2  07:30    0.0    2.6   1.10   1.9    10.0  11:00   SSW
14    67.5   79.8  17:36   57.9  07:01    0.0    3.9   0.00   2.7    14.0  09:02   NW
15    66.1   80.7  16:55   53.5  03:08    0.0    2.1   0.35   2.4    17.0  11:05   ENE
16    67.2   76.7  18:04   61.6  03:57    0.0    4.1   0.63   1.7    14.0  01:52   S
17    71.6   83.6  17:57   60.7  04:57    0.0    7.2   0.00   1.1    12.0  14:44   SSE
18    75.8   89.6  17:07   62.9  06:11    0.0   11.2   0.00   1.8    12.0  15:08   SSE
19    77.8   88.4  15:44   65.1  06:24    0.0   11.8   0.00   3.9    21.0  16:55   SSE
20    76.4   87.5  16:25   63.9  05:18    0.0   10.7   0.56   4.4    22.0  11:25   SE
21    77.7   88.6  15:42   67.6  23:59    0.0   13.1   0.06   6.4    25.0  08:40   SSE
22    67.1   77.2  17:31   58.7  07:31    0.0    2.9   0.22   2.9    18.0  06:35   NE
23    73.6   84.0  14:12   63.5  03:19    0.0    8.8   0.00   3.8    17.0  16:13   ESE
---------------------------------------------------------------------------------------
      69.8   89.6    18    53.2     9     5.8  131.4   4.31   2.8    29.0     6    SSE

Max >=  90.0:  0
Max <=  32.0:  0
Min <=  32.0:  0
Min <=   0.0:  0
Max Rain    :  1.10 in ON 05/13/2024
Days of Rain: 10 (> 0.01 in) 8 (> 0.10 in) 1 (> 1.00 in)