NOAA-Style Climate Reports


Report for 2020 January
                   MONTHLY CLIMATOLOGICAL SUMMARY for JAN 2020


NAME: KX5I                  CITY: Hogshooter Valley, Bartlesville  STATE:  OK                 
ELEV: 720 ft    LAT: 36.7 N    LONG: 95.9 W


                   TEMPERATURE (F), RAIN (in), WIND SPEED (mph)

                                         HEAT   COOL         AVG
      MEAN                               DEG    DEG          WIND                  DOM
DAY   TEMP   HIGH  TIME    LOW   TIME    DAYS   DAYS   RAIN  SPEED   HIGH  TIME    DIR
---------------------------------------------------------------------------------------
01    40.9   59.9  13:44   22.1  05:08   24.0    0.0   0.00   7.2    32.0  14:20   S
02    48.6   59.6  13:30   40.7  01:45   14.9    0.0   0.00   1.5    12.0  11:45   SE
03    43.7   56.1  15:40   34.4  21:21   19.8    0.0   0.00   5.8    18.0  03:14   NW
04    39.6   53.6  15:42   25.3  07:20   25.6    0.0   0.00   3.4    14.0  00:10   NW
05    40.8   61.0  14:24   27.1  07:51   21.0    0.0   0.00   3.5    22.0  11:05   NNW
06    40.6   57.3  15:00   26.7  05:30   23.0    0.0   0.00   1.8    12.0  17:00   NW
07    39.9   61.4  15:45   23.8  07:52   22.4    0.0   0.00   2.3    14.0  12:50   SW
08    44.5   63.2  14:52   24.8  02:32   21.0    0.0   0.00   6.6    28.0  15:15   SSE
09    58.6   65.7  14:58   51.4  00:00    6.5    0.0   0.00  11.6    32.0  03:20   SSE
10    52.4   65.7  10:48   29.1  23:58   17.6    0.0   1.70   7.5    36.0  15:40   SSE
11    25.9   29.1  00:00   21.6  11:19   39.7    0.0   0.00   6.1    23.0  00:05   NNW
12    34.2   48.3  16:25   26.2  02:05   27.8    0.0   0.01   6.2    22.0  12:30   SSE
13    42.6   52.0  16:27   29.7  02:02   24.1    0.0   0.01   6.4    23.0  14:55   SSE
14    52.3   59.3  15:40   48.2  06:41   11.2    0.0   0.00   4.8    21.0  17:03   SE
15    51.3   59.4  09:47   33.4  23:54   18.6    0.0   0.00   7.9    23.0  19:15   NNW
16    31.4   35.8  16:13   24.8  07:47   34.7    0.0   0.14   7.7    23.0  00:10   NNE
17    38.8   50.7  23:59   34.4  00:00   22.4    0.0   1.05   6.7    21.0  19:05   SE
18    41.3   53.3  02:05   24.8  23:57   26.0    0.0   0.00   8.0    34.0  00:20   NW
19    29.5   40.2  15:22   20.9  06:04   34.5    0.0   0.00   2.9    14.0  11:50   NNW
---------------------------------------------------------------------------------------
      41.9   65.7     9    20.9    19   434.5    0.0   2.91   5.7    36.0    10    SSE

Max >=  90.0:  0
Max <=  32.0:  1
Min <=  32.0:  13
Min <=   0.0:  0
Max Rain    :  1.70 in ON 01/10/2020
Days of Rain: 3 (> 0.01 in) 3 (> 0.10 in) 2 (> 1.00 in)