NOAA-Style Climate Reports


Report for 2019 May
                   MONTHLY CLIMATOLOGICAL SUMMARY for MAY 2019


NAME: KX5I                  CITY: Hogshooter Valley, Bartlesville  STATE:  OK                 
ELEV: 720 ft    LAT: 36.7 N    LONG: 95.9 W


                   TEMPERATURE (F), RAIN (in), WIND SPEED (mph)

                                         HEAT   COOL         AVG
      MEAN                               DEG    DEG          WIND                  DOM
DAY   TEMP   HIGH  TIME    LOW   TIME    DAYS   DAYS   RAIN  SPEED   HIGH  TIME    DIR
---------------------------------------------------------------------------------------
01    67.3   76.2  16:39   60.0  03:28    0.0    3.1   0.04   4.2    16.0  00:25   SSE
02    60.7   65.6  02:23   54.1  06:55    5.2    0.0   0.00   4.8    26.0  05:45   N
03    59.8   62.8  12:10   56.3  23:39    5.5    0.0   0.65   0.7    19.0  13:00   NE
04    61.8   71.9  17:48   53.1  23:59    2.5    0.0   0.01   1.2    13.0  11:05   NNE
05    63.6   78.1  17:09   47.9  05:22    2.0    0.0   0.01   3.5    20.0  13:10   ESE
06    73.4   83.5  17:00   58.1  06:49    0.0    5.8   2.29   3.8    21.0  03:31   SE
07    71.9   81.4  14:55   63.4  07:08    0.0    7.4   0.00   4.8    22.0  01:10   ESE
08    66.4   73.0  00:34   59.9  07:49    0.0    1.5   0.87   5.4    35.0  09:35   SSE
09    53.1   62.8  00:00   45.8  23:53   10.7    0.0   0.00   6.2    21.0  03:20   NNW
10    52.7   62.2  16:37   40.8  03:30   13.5    0.0   0.00   2.5    18.0  13:32   N
11    56.3   61.1  17:47   51.8  04:58    8.6    0.0   0.26   0.3     8.0  09:40   NNW
12    61.7   73.7  17:06   48.2  05:51    4.1    0.0   0.00   3.2    20.0  12:00   NW
13    64.2   78.7  17:47   45.3  06:09    3.0    0.0   0.00   0.8    15.0  15:40   ESE
14    71.9   86.7  16:21   58.7  03:53    0.0    7.7   0.19   5.3    24.0  14:47   SSE
15    80.1   89.2  16:33   59.2  04:15    0.0    9.2   0.00   4.0    16.0  14:40   S
16    76.5   88.4  15:09   64.1  04:28    0.0   11.2   0.00   6.1    25.0  15:55   S
17    75.8   86.9  15:24   64.0  06:32    0.0   10.5   0.00   8.3    26.0  14:20   SSE
18    68.9   75.3  08:21   59.1  23:55    0.0    2.2   0.89   7.1    41.0  23:50   SSE
19    64.2   77.4  17:38   51.5  06:26    0.5    0.0   0.14   2.9    24.0  00:00   W
---------------------------------------------------------------------------------------
      65.8   89.2    15    40.8    10    55.5   58.5   5.35   3.9    41.0    18    SSE

Max >=  90.0:  0
Max <=  32.0:  0
Min <=  32.0:  0
Min <=   0.0:  0
Max Rain    :  2.29 in ON 05/06/2019
Days of Rain: 8 (> 0.01 in) 7 (> 0.10 in) 1 (> 1.00 in)