NOAA-Style Climate Reports


Report for 2019 January
                   MONTHLY CLIMATOLOGICAL SUMMARY for JAN 2019


NAME: KX5I                  CITY: Hogshooter Valley, Bartlesville  STATE:  OK                 
ELEV: 720 ft    LAT: 36.7 N    LONG: 95.9 W


                   TEMPERATURE (F), RAIN (in), WIND SPEED (mph)

                                         HEAT   COOL         AVG
      MEAN                               DEG    DEG          WIND                  DOM
DAY   TEMP   HIGH  TIME    LOW   TIME    DAYS   DAYS   RAIN  SPEED   HIGH  TIME    DIR
---------------------------------------------------------------------------------------
01    25.0   29.9  00:00   22.6  08:01   38.8    0.0   0.00   6.6    19.0  00:20   NNW
02    28.2   31.5  23:11   24.6  00:00   37.0    0.0   0.00   3.0    10.0  03:40   SW
03    33.2   37.1  12:20   30.2  02:18   31.4    0.0   0.00   3.4    12.0  12:20   N
04    41.1   56.4  15:27   31.0  23:56   21.3    0.0   0.00   3.6    13.0  00:15   WNW
05    40.4   61.3  15:35   26.3  07:35   21.2    0.0   0.00   1.2     9.0  12:25   SSE
06    53.5   61.8  17:06   35.3  00:00   16.5    0.0   0.00   9.4    32.0  23:05   SSE
07    57.1   68.3  14:29   36.4  23:56   12.6    0.0   0.00   6.5    30.0  00:05   SW
08    44.8   56.0  14:40   32.0  03:30   21.0    0.0   0.00   5.3    20.0  12:16   NW
09    35.8   49.5  15:39   25.4  23:47   27.5    0.0   0.00   2.4    13.0  11:15   NNW
10    34.8   43.3  13:43   23.0  06:06   31.9    0.0   0.32   3.4    17.0  11:00   E
11    38.3   40.2  06:02   37.5  19:33   26.1    0.0   1.22   7.0    17.0  06:15   ESE
12    36.0   38.4  05:58   33.8  09:51   28.9    0.0   0.63   7.3    21.0  15:15   N
13    33.4   34.4  01:16   31.4  23:05   32.1    0.0   0.00   5.8    17.0  03:27   NNW
14    32.4   36.5  14:32   28.8  21:47   32.3    0.0   0.00   2.8    10.0  16:20   SSW
15    37.0   52.3  15:51   27.3  07:08   25.2    0.0   0.00   4.7    14.0  10:40   SSE
16    44.9   49.5  12:01   38.4  00:00   21.0    0.0   0.02   4.6    14.0  10:05   SE
17    42.0   45.8  00:00   39.2  08:58   22.5    0.0   0.04   3.6    16.0  06:20   NNW
18    46.0   58.0  16:12   36.8  23:58   17.6    0.0   0.14   9.1    33.0  23:40   SE
19    25.2   36.7  00:00   19.6  23:53   36.8    0.0   0.01  14.1    37.0  00:55   NNW
20    26.0   38.6  15:32   14.2  05:37   38.6    0.0   0.00   3.8    17.0  13:25   SE
21    37.8   47.6  15:42   25.3  02:59   28.6    0.0   0.00  11.4    35.0  14:15   SE
22    43.9   54.4  11:56   26.4  23:56   24.6    0.0   0.09  11.4    30.0  11:40   SSE
---------------------------------------------------------------------------------------
      38.0   68.3     7    14.2    20   593.5    0.0   2.47   5.9    37.0    19    SSE

Max >=  90.0:  0
Max <=  32.0:  2
Min <=  32.0:  15
Min <=   0.0:  0
Max Rain    :  1.22 in ON 01/11/2019
Days of Rain: 7 (> 0.01 in) 4 (> 0.10 in) 1 (> 1.00 in)