NOAA-Style Climate Reports


Report for 2021 September
                   MONTHLY CLIMATOLOGICAL SUMMARY for SEP 2021


NAME: KX5I                  CITY: Hogshooter Valley, Bartlesville  STATE:  OK                 
ELEV: 720 ft    LAT: 36.7 N    LONG: 95.9 W


                   TEMPERATURE (F), RAIN (in), WIND SPEED (mph)

                                         HEAT   COOL         AVG
      MEAN                               DEG    DEG          WIND                  DOM
DAY   TEMP   HIGH  TIME    LOW   TIME    DAYS   DAYS   RAIN  SPEED   HIGH  TIME    DIR
---------------------------------------------------------------------------------------
01    82.4   97.3  16:18   68.8  06:45    0.0   18.1   0.00   3.1    15.0  18:30   ENE
02    83.1   95.5  15:53   71.9  06:52    0.0   18.7   0.00   5.7    18.0  13:50   SE
03    83.6   95.4  14:44   74.8  06:56    0.0   20.1   0.00   5.4    17.0  14:30   SSE
04    79.3   91.1  14:03   71.1  06:59    0.0   16.1   0.00   3.4    20.0  17:50   NNE
05    75.4   89.4  16:19   61.5  23:59    0.0   10.5   0.00   3.6    19.0  14:20   NNE
06    74.4   94.6  14:58   55.4  07:03    0.0   10.0   0.00   2.8    16.0  16:05   SSE
07    77.9   97.0  15:57   59.2  06:57    0.0   13.1   0.00   4.8    21.0  12:10   S
08    74.4   88.2  14:16   58.0  23:39    0.0    8.1   0.00   4.7    21.0  13:10   N
09    77.3   93.7  15:43   52.6  07:17    0.0    8.1   0.00   4.2    19.0  14:28   SSE
10    75.2   95.5  15:23   56.3  07:04    0.0   10.9   0.00   5.1    24.0  13:00   SSE
11    78.5   95.5  14:33   62.3  03:52    0.0   13.9   0.00   7.3    27.0  11:45   S
12    75.4   91.5  15:08   60.3  07:24    0.0   10.9   0.00   5.8    22.0  17:20   SSE
13    74.9   93.4  15:57   55.7  06:48    0.0    9.6   0.00   5.6    24.0  15:55   SSE
14    79.1   93.4  14:41   68.3  23:52    0.0   15.9   0.00   4.9    20.0  12:40   S
15    77.4   91.2  15:09   66.8  07:14    0.0   14.0   0.00   4.2    19.0  13:50   E
16    76.4   92.8  16:44   62.4  07:15    0.0   12.6   0.00   3.1    17.0  15:05   ESE
17    77.2   93.6  15:38   62.6  06:53    0.0   13.1   0.00   2.6    18.0  12:10   E
18    80.9   93.4  16:16   63.5  07:06    0.0   13.5   0.00   3.3    18.0  13:05   NE
19    78.7   92.3  15:57   65.0  07:23    0.0   13.7   0.00   4.0    18.0  16:40   ESE
20    81.9   97.8  16:10   70.4  07:01    0.0   19.1   0.00   8.4    30.0  23:00   SSE
21    67.5   77.4  14:26   57.5  22:28    0.0    2.5   0.33   7.6    27.0  15:07   NNW
22    62.3   78.4  15:34   48.0  23:52    1.8    0.0   0.00   3.1    20.0  15:00   N
---------------------------------------------------------------------------------------
      77.0   97.8    20    48.0    22     1.8  272.2   0.33   4.7    30.0    20    SE

Max >=  90.0:  18
Max <=  32.0:  0
Min <=  32.0:  0
Min <=   0.0:  0
Max Rain    :  0.33 in ON 09/21/2021
Days of Rain: 1 (> 0.01 in) 1 (> 0.10 in) 0 (> 1.00 in)