NOAA-Style Climate Reports


Report for 2022 May
                   MONTHLY CLIMATOLOGICAL SUMMARY for MAY 2022


NAME: KX5I                  CITY: Hogshooter Valley, Bartlesville  STATE:  OK                 
ELEV: 720 ft    LAT: 36.7 N    LONG: 95.9 W


                   TEMPERATURE (F), RAIN (in), WIND SPEED (mph)

                                         HEAT   COOL         AVG
      MEAN                               DEG    DEG          WIND                  DOM
DAY   TEMP   HIGH  TIME    LOW   TIME    DAYS   DAYS   RAIN  SPEED   HIGH  TIME    DIR
---------------------------------------------------------------------------------------
01    62.0   76.1  17:03   45.7  06:55    4.1    0.0   0.00   1.4    14.0  14:10   E
02    61.9   67.4  14:19   54.7  06:12    3.9    0.0   0.73   4.2    21.0  23:45   ESE
03    53.8   62.4  00:00   47.3  07:17   10.1    0.0   0.00   4.6    25.0  01:18   WNW
04    54.2   60.6  19:44   50.0  00:07    9.7    0.0   1.59   4.6    22.0  23:55   NE
05    60.0   69.0  14:53   55.3  23:03    2.8    0.0   1.10   3.8    19.0  00:05   SE
06    60.5   72.9  18:47   50.7  04:43    3.2    0.0   0.00   3.0    15.0  06:15   WSW
07    67.3   81.0  17:20   51.7  06:32    0.0    1.4   0.00   2.5    15.0  23:35   ESE
08    74.7   85.2  16:11   66.3  08:28    0.0   10.8   0.00   7.1    25.0  07:28   SE
09    81.1   89.0  15:02   74.6  06:31    0.0   16.8   0.00   8.5    26.0  10:50   SSE
10    80.7   88.4  15:14   76.0  06:51    0.0   17.2   0.00   6.6    24.0  10:28   SSE
11    79.7   91.2  16:34   71.3  07:01    0.0   16.2   0.00   4.3    18.0  10:27   SSE
12    79.4   91.4  15:13   69.1  04:58    0.0   15.2   0.00   5.1    19.0  12:55   SSE
13    74.3   84.0  17:25   68.4  23:52    0.0   11.2   0.37   2.2    28.0  04:24   NE
14    77.8   91.9  16:19   66.4  04:52    0.0   14.2   0.00   1.0    12.0  12:50   SSE
15    71.6   78.5  13:11   65.3  23:58    0.0    6.9   1.05   3.1    24.0  13:45   ENE
16    70.8   82.6  17:15   58.8  06:34    0.0    5.7   0.00   1.3    11.0  09:50   NE
17    72.3   84.2  15:49   61.3  02:23    0.0    7.7   0.54   4.4    23.0  15:00   ESE
18    77.6   91.4  16:23   63.1  06:33    0.0   12.2   0.03   1.7    23.0  02:05   E
19    76.9   88.5  16:24   65.4  06:12    0.0   12.0   0.41   4.0    25.0  04:45   SSE
20    76.8   85.0  13:07   66.8  23:44    0.0   10.9   0.00   6.6    29.0  04:35   S
21    58.6   66.9  00:00   52.5  23:58    5.3    0.0   0.97   4.9    31.0  03:35   NNE
22    56.7   66.9  15:15   46.8  04:51    8.1    0.0   0.00   4.0    19.0  14:55   NE
23    55.1   60.0  10:12   49.5  02:40   10.2    0.0   1.50   3.0    13.0  07:05   ENE
24    61.2   65.4  18:08   56.1  00:00    4.2    0.0   1.37   2.8    19.0  04:57   ESE
25    58.2   63.0  00:00   54.5  23:58    6.2    0.0   0.26   3.4    17.0  14:36   SW
---------------------------------------------------------------------------------------
      68.1   91.9    14    45.7     1    68.2  158.4   9.92   3.9    31.0    21    ESE

Max >=  90.0:  4
Max <=  32.0:  0
Min <=  32.0:  0
Min <=   0.0:  0
Max Rain    :  1.59 in ON 05/04/2022
Days of Rain: 12 (> 0.01 in) 11 (> 0.10 in) 5 (> 1.00 in)