NOAA-Style Climate Reports


Report for 2022 November
                   MONTHLY CLIMATOLOGICAL SUMMARY for NOV 2022


NAME: KX5I                  CITY: Hogshooter Valley, Bartlesville  STATE:  OK                 
ELEV: 720 ft    LAT: 36.7 N    LONG: 95.9 W


                   TEMPERATURE (F), RAIN (in), WIND SPEED (mph)

                                         HEAT   COOL         AVG
      MEAN                               DEG    DEG          WIND                  DOM
DAY   TEMP   HIGH  TIME    LOW   TIME    DAYS   DAYS   RAIN  SPEED   HIGH  TIME    DIR
---------------------------------------------------------------------------------------
01    61.2   79.2  15:06   45.3  07:40    2.8    0.0   0.00   2.4    16.0  15:25   SSE
02    62.1   72.5  13:43   53.7  07:39    1.9    0.0   0.00   4.8    21.0  14:40   SSE
03    68.4   79.3  14:54   58.8  02:08    0.0    4.1   0.00   7.0    24.0  17:05   SSE
04    61.7   77.1  12:10   41.0  23:43    6.0    0.0   1.12   6.9    27.0  11:35   SSE
05    49.2   63.0  15:32   38.8  08:05   14.1    0.0   0.00   5.6    20.0  16:15   SSW
06    58.4   72.6  15:57   48.1  07:12    4.7    0.0   0.00   3.2    16.0  22:00   ESE
07    57.8   58.7  23:00   56.9  23:59    7.2    0.0   0.00   2.7     7.0  23:35   ENE
08    62.6   71.1  15:09   56.5  00:50    1.2    0.0   0.75   2.4    13.0  14:02   ESE
09    67.9   76.5  15:50   62.5  02:45    0.0    4.5   0.00   4.9    21.0  11:05   SSE
10    62.7   75.0  12:58   42.4  23:32    6.3    0.0   1.11   6.7    26.0  21:05   S
11    38.2   43.0  00:43   32.7  07:32   27.1    0.0   0.08   4.7    22.0  04:30   N
12    31.7   43.6  15:51   25.0  07:21   30.7    0.0   0.00   2.2    13.0  08:20   NNW
13    34.3   49.0  15:38   21.7  03:48   29.6    0.0   0.00   1.5    12.0  09:50   E
14    36.5   41.9  12:36   30.0  02:01   29.0    0.0   0.06   1.5    11.0  09:50   ESE
15    36.5   44.5  14:17   29.0  23:59   28.2    0.0   0.01   2.1    16.0  10:51   WNW
16    32.1   41.0  12:27   25.5  22:00   31.8    0.0   0.00   2.2    20.0  12:35   WNW
17    36.7   55.0  13:39   21.2  02:53   26.9    0.0   0.00   2.6    18.0  21:02   SSW
18    29.1   34.0  00:47   20.8  23:55   37.6    0.0   0.00   2.5    16.0  00:58   NW
19    30.4   46.5  15:08   18.8  04:42   32.3    0.0   0.00   2.0    17.0  13:35   WNW
20    32.8   50.5  15:11   15.5  06:58   32.0    0.0   0.00   2.0    15.0  14:10   SE
21    42.2   59.3  14:44   28.1  07:17   21.3    0.0   0.00   2.6    14.0  12:35   SSE
22    46.6   63.2  14:35   34.0  06:56   16.4    0.0   0.00   2.8    16.0  13:01   SSE
23    48.3   57.6  14:09   39.3  04:01   16.6    0.0   0.02   3.8    19.0  16:05   SE
24    50.0   54.7  16:02   46.5  23:56   14.4    0.0   0.05   1.8    17.0  00:50   NNE
25    44.2   55.9  15:14   34.7  07:31   19.7    0.0   0.00   2.2    14.0  04:55   NNE
26    43.7   49.5  13:27   34.4  03:06   23.0    0.0   0.53   1.6    13.0  13:40   NE
27    45.0   51.6  15:52   34.4  23:56   22.0    0.0   0.08   3.2    17.0  09:30   WNW
---------------------------------------------------------------------------------------
      47.1   79.3     3    15.5    20   482.8    8.6   3.81   3.3    27.0     4    SSE

Max >=  90.0:  0
Max <=  32.0:  0
Min <=  32.0:  10
Min <=   0.0:  0
Max Rain    :  1.12 in ON 11/04/2022
Days of Rain: 9 (> 0.01 in) 4 (> 0.10 in) 2 (> 1.00 in)