NOAA-Style Climate Reports


Report for 2019 September
                   MONTHLY CLIMATOLOGICAL SUMMARY for SEP 2019


NAME: KX5I                  CITY: Hogshooter Valley, Bartlesville  STATE:  OK                 
ELEV: 720 ft    LAT: 36.7 N    LONG: 95.9 W


                   TEMPERATURE (F), RAIN (in), WIND SPEED (mph)

                                         HEAT   COOL         AVG
      MEAN                               DEG    DEG          WIND                  DOM
DAY   TEMP   HIGH  TIME    LOW   TIME    DAYS   DAYS   RAIN  SPEED   HIGH  TIME    DIR
---------------------------------------------------------------------------------------
01    77.0   91.0  16:11   65.8  06:43    0.0   13.4   0.00   0.1     8.0  13:40   ENE
02    80.0   93.3  15:51   67.4  07:01    0.0   15.4   0.00   1.8    12.0  13:10   SE
03    80.1   94.1  16:42   67.1  06:00    0.0   15.6   0.00   2.8    18.0  10:40   SSE
04    80.3   95.5  15:54   66.3  06:24    0.0   15.9   0.01   0.2    10.0  13:50   SSE
05    80.2   95.2  16:06   67.2  06:49    0.0   16.2   0.00   1.8    14.0  14:00   S
06    81.0   97.6  16:28   65.5  06:53    0.0   16.5   0.00   1.5    12.0  11:20   SSW
07    81.9   96.1  16:06   69.9  07:15    0.0   18.0   0.00   1.5    16.0  14:45   SSE
08    80.4   95.0  16:03   69.5  07:46    0.0   17.2   0.00   2.2    16.0  14:05   SE
09    80.6   92.9  15:48   70.8  00:11    0.0   16.9   0.00   3.7    22.0  14:30   SSE
10    79.2   91.5  16:18   70.1  04:30    0.0   15.8   0.00   4.3    21.0  11:50   SSE
11    80.6   91.4  14:58   71.3  05:24    0.0   16.4   0.00   4.7    20.0  12:30   SSE
12    79.4   92.8  14:54   70.5  23:41    0.0   16.7   0.23   4.1    23.0  12:30   SSE
13    73.9   83.2  15:21   68.5  23:57    0.0   10.8   0.39   0.2    12.0  11:55   NE
14    77.3   93.1  15:32   63.5  07:00    0.0   13.3   0.00   2.4    16.0  13:35   SE
15    80.2   96.1  16:36   68.1  06:38    0.0   17.1   0.00   2.2    15.0  10:35   S
16    79.3   94.9  15:40   67.1  07:05    0.0   16.0   0.00   1.5    12.0  16:02   SSE
17    79.2   93.7  14:45   66.8  07:31    0.0   15.2   0.00   2.3    17.0  16:40   SSE
18    79.7   94.2  15:14   67.4  07:21    0.0   15.8   0.00   2.7    20.0  13:20   SE
19    79.4   92.0  15:20   67.6  07:14    0.0   14.8   0.00   2.2    16.0  14:00   SE
20    74.3   79.6  17:24   71.1  09:42    0.0   10.3   0.01   5.2    22.0  20:40   SE
21    77.9   84.7  15:07   73.9  10:29    0.0   14.3   0.24   8.0    26.0  14:05   SSE
---------------------------------------------------------------------------------------
      79.1   97.6     6    63.5    14     0.0  321.6   0.88   2.6    26.0    21    SE

Max >=  90.0:  18
Max <=  32.0:  0
Min <=  32.0:  0
Min <=   0.0:  0
Max Rain    :  0.39 in ON 09/13/2019
Days of Rain: 3 (> 0.01 in) 3 (> 0.10 in) 0 (> 1.00 in)