NOAA-Style Climate Reports


Report for 2019 November
                   MONTHLY CLIMATOLOGICAL SUMMARY for NOV 2019


NAME: KX5I                  CITY: Hogshooter Valley, Bartlesville  STATE:  OK                 
ELEV: 720 ft    LAT: 36.7 N    LONG: 95.9 W


                   TEMPERATURE (F), RAIN (in), WIND SPEED (mph)

                                         HEAT   COOL         AVG
      MEAN                               DEG    DEG          WIND                  DOM
DAY   TEMP   HIGH  TIME    LOW   TIME    DAYS   DAYS   RAIN  SPEED   HIGH  TIME    DIR
---------------------------------------------------------------------------------------
01    40.7   59.9  16:02   25.8  03:46   22.1    0.0   0.00   3.6    18.0  10:33   SSE
02    43.1   58.7  16:17   30.5  23:52   20.4    0.0   0.00   1.7    12.0  14:54   WNW
03    45.7   65.2  14:38   28.0  05:22   18.4    0.0   0.00   4.5    21.0  12:25   SSW
04    49.1   50.5  23:00   47.8  23:58   15.9    0.0   0.00   4.4    10.0  23:45   N
05    51.6   65.2  14:23   39.7  05:19   12.6    0.0   0.00   2.3    13.0  10:35   NNE
06    56.1   60.9  13:02   47.9  23:58   10.6    0.0   1.23   1.3    22.0  22:40   ENE
07    38.0   47.9  00:00   28.2  23:55   26.9    0.0   0.03   7.4    27.0  05:24   N
08    37.3   51.2  15:51   23.8  07:03   27.5    0.0   0.00   1.9    11.0  12:20   SSE
09    49.6   71.2  15:08   31.7  03:20   13.6    0.0   0.00   3.7    19.0  13:35   S
10    56.3   73.3  15:16   39.4  03:25    8.6    0.0   0.01   2.5    17.0  15:35   SSE
11    33.1   60.6  00:00   19.7  23:59   24.9    0.0   0.06  11.9    32.0  08:32   N
12    22.8   35.5  15:21   13.6  06:49   40.5    0.0   0.00   4.0    16.0  00:20   NNW
13    32.4   49.9  15:32   20.3  01:29   29.9    0.0   0.00   6.6    24.0  08:50   SSE
14    37.0   53.9  15:21   23.6  02:14   26.2    0.0   0.00   2.2    16.0  10:05   N
---------------------------------------------------------------------------------------
      42.3   73.3    10    13.6    12   298.0    0.0   1.33   4.1    32.0    11    N

Max >=  90.0:  0
Max <=  32.0:  0
Min <=  32.0:  10
Min <=   0.0:  0
Max Rain    :  1.23 in ON 11/06/2019
Days of Rain: 3 (> 0.01 in) 1 (> 0.10 in) 1 (> 1.00 in)