NOAA-Style Climate Reports


Report for 2021 June
                   MONTHLY CLIMATOLOGICAL SUMMARY for JUN 2021


NAME: KX5I                  CITY: Hogshooter Valley, Bartlesville  STATE:  OK                 
ELEV: 720 ft    LAT: 36.7 N    LONG: 95.9 W


                   TEMPERATURE (F), RAIN (in), WIND SPEED (mph)

                                         HEAT   COOL         AVG
      MEAN                               DEG    DEG          WIND                  DOM
DAY   TEMP   HIGH  TIME    LOW   TIME    DAYS   DAYS   RAIN  SPEED   HIGH  TIME    DIR
---------------------------------------------------------------------------------------
01    61.8   68.4  14:26   55.9  01:35    2.8    0.0   0.30   4.6    17.0  00:10   NE
02    64.6   75.8  14:47   53.5  03:07    0.3    0.0   0.00   2.5    14.0  11:32   N
03    68.1   80.8  17:20   54.5  06:25    0.0    2.7   0.00   2.2    13.0  13:35   S
04    72.6   85.6  16:09   60.2  03:34    0.0    7.9   0.00   3.5    16.0  13:01   SSE
05    70.8   82.1  13:04   57.3  06:16    0.0    4.7   0.00   4.4    19.0  13:15   SE
06    73.2   84.3  16:13   66.9  05:26    0.0   10.6   0.00   5.0    20.0  09:55   SSE
07    72.3   82.7  15:29   62.4  03:56    0.0    7.5   0.00   4.2    18.0  15:25   SE
08    75.7   87.4  17:11   65.4  04:42    0.0   11.4   0.00   2.8    12.0  09:43   SSE
09    79.2   89.8  14:26   68.0  03:01    0.0   13.9   0.00   2.9    12.0  12:40   SSE
10    81.7   92.3  17:05   69.5  06:10    0.0   15.9   0.00   2.9    12.0  12:06   SE
11    81.1   90.9  14:55   69.9  05:57    0.0   15.4   0.00   6.2    23.0  12:40   SSE
12    82.9   93.5  16:23   74.1  06:19    0.0   18.8   0.00   4.1    25.0  02:35   NNE
13    79.9   91.1  16:25   66.1  23:59    0.0   13.6   0.00   3.3    20.0  13:30   NE
---------------------------------------------------------------------------------------
      74.1   93.5    12    53.5     2     3.2  122.4   0.30   3.7    25.0    12    SE

Max >=  90.0:  4
Max <=  32.0:  0
Min <=  32.0:  0
Min <=   0.0:  0
Max Rain    :  0.30 in ON 06/01/2021
Days of Rain: 1 (> 0.01 in) 1 (> 0.10 in) 0 (> 1.00 in)