NOAA-Style Climate Reports


Report for 2024 April
                   MONTHLY CLIMATOLOGICAL SUMMARY for APR 2024


NAME: KX5I                  CITY: Hogshooter Valley, Bartlesville  STATE:  OK                 
ELEV: 720 ft    LAT: 36.7 N    LONG: 95.9 W


                   TEMPERATURE (F), RAIN (in), WIND SPEED (mph)

                                         HEAT   COOL         AVG
      MEAN                               DEG    DEG          WIND                  DOM
DAY   TEMP   HIGH  TIME    LOW   TIME    DAYS   DAYS   RAIN  SPEED   HIGH  TIME    DIR
---------------------------------------------------------------------------------------
01    68.7   75.4  14:20   56.5  23:57    0.0    1.0   1.34   5.0    39.0  20:00   S
02    50.2   57.1  18:15   45.3  10:21   13.8    0.0   0.00   4.7    19.0  13:45   NW
03    51.5   62.4  17:33   44.0  06:54   11.8    0.0   0.00   4.9    22.0  13:30   WNW
04    52.1   68.6  17:25   37.9  07:33   11.8    0.0   0.00   1.6    13.0  11:21   WNW
05    56.2   73.8  17:46   38.3  05:10    8.9    0.0   0.00   2.2    18.0  12:45   E
06    65.2   79.5  16:00   53.1  07:17    0.0    1.3   0.31   7.1    32.0  15:35   SE
07    63.7   74.0  16:44   51.5  07:20    2.2    0.0   0.00   5.5    21.0  09:35   SSW
08    61.8   75.7  16:09   48.1  08:12    3.1    0.0   0.00   2.1    19.0  10:20   SSE
09    62.7   73.3  15:20   53.3  04:32    1.7    0.0   0.09   4.8    20.0  17:30   NE
10    54.3   59.2  00:00   49.3  06:45   10.8    0.0   1.48   3.7    17.0  05:25   NE
11    57.3   67.2  17:12   47.8  23:57    7.5    0.0   0.00   4.6    24.0  10:15   NW
12    57.7   75.0  16:41   40.6  06:42    7.2    0.0   0.00   1.7    12.0  15:35   NE
---------------------------------------------------------------------------------------
      58.4   79.5     6    37.9     4    78.8    2.2   3.22   4.0    39.0     1    NNW

Max >=  90.0:  0
Max <=  32.0:  0
Min <=  32.0:  0
Min <=   0.0:  0
Max Rain    :  1.48 in ON 04/10/2024
Days of Rain: 4 (> 0.01 in) 3 (> 0.10 in) 2 (> 1.00 in)