NOAA-Style Climate Reports


Report for 2021 May
                   MONTHLY CLIMATOLOGICAL SUMMARY for MAY 2021


NAME: KX5I                  CITY: Hogshooter Valley, Bartlesville  STATE:  OK                 
ELEV: 720 ft    LAT: 36.7 N    LONG: 95.9 W


                   TEMPERATURE (F), RAIN (in), WIND SPEED (mph)

                                         HEAT   COOL         AVG
      MEAN                               DEG    DEG          WIND                  DOM
DAY   TEMP   HIGH  TIME    LOW   TIME    DAYS   DAYS   RAIN  SPEED   HIGH  TIME    DIR
---------------------------------------------------------------------------------------
01    62.8   75.1  14:05   47.1  06:15    3.9    0.0   0.00   5.7    24.0  13:30   SSE
02    66.7   76.0  18:31   60.5  02:52    0.0    3.2   0.00   6.5    20.0  11:15   SSE
03    68.2   77.8  15:11   54.6  03:43    0.0    1.2   0.26   5.1    19.0  18:30   N
04    55.4   64.3  17:30   41.5  23:56   12.1    0.0   0.58   7.5    25.0  11:05   N
05    56.0   72.0  16:56   36.0  06:29   11.0    0.0   0.00   2.3    14.0  10:10   ENE
06    59.4   73.5  15:02   44.7  06:44    5.9    0.0   0.00   4.6    23.0  15:30   NW
07    56.7   72.7  16:24   41.2  04:32    8.1    0.0   0.04   5.3    22.0  15:45   E
08    71.8   84.1  16:31   59.2  00:00    0.0    6.7   0.00  11.2    32.0  15:45   SSE
09    61.2   77.0  00:43   53.4  23:49    0.0    0.2   0.00  10.3    32.0  00:35   NNW
10    53.3   60.4  15:20   48.7  23:08   10.4    0.0   0.08   5.9    21.0  12:35   NE
11    53.1   60.7  17:25   46.2  06:06   11.5    0.0   0.08   4.7    18.0  08:00   NE
12    58.3   66.4  17:06   46.1  23:46    8.8    0.0   0.00   5.2    18.0  10:10   NE
13    57.9   71.9  16:23   41.5  06:40    8.3    0.0   0.00   2.5    14.0  12:30   N
---------------------------------------------------------------------------------------
      60.1   84.1     8    36.0     5    80.0   11.3   1.04   5.9    32.0     8    NNE

Max >=  90.0:  0
Max <=  32.0:  0
Min <=  32.0:  0
Min <=   0.0:  0
Max Rain    :  0.58 in ON 05/04/2021
Days of Rain: 5 (> 0.01 in) 2 (> 0.10 in) 0 (> 1.00 in)