NOAA-Style Climate Reports


Report for 2021 April
                   MONTHLY CLIMATOLOGICAL SUMMARY for APR 2021


NAME: KX5I                  CITY: Hogshooter Valley, Bartlesville  STATE:  OK                 
ELEV: 720 ft    LAT: 36.7 N    LONG: 95.9 W


                   TEMPERATURE (F), RAIN (in), WIND SPEED (mph)

                                         HEAT   COOL         AVG
      MEAN                               DEG    DEG          WIND                  DOM
DAY   TEMP   HIGH  TIME    LOW   TIME    DAYS   DAYS   RAIN  SPEED   HIGH  TIME    DIR
---------------------------------------------------------------------------------------
01    44.5   59.2  16:22   27.6  07:31   21.6    0.0   0.00   3.1    15.0  15:00   NE
02    52.5   68.9  16:23   31.1  04:41   15.0    0.0   0.00   8.6    28.0  15:40   SSE
03    60.7   75.2  16:33   45.9  06:06    4.5    0.0   0.00   8.6    24.0  11:00   SSE
04    62.6   77.2  16:49   43.7  05:51    4.6    0.0   0.00   7.1    22.0  15:22   SSE
05    66.1   79.4  15:47   50.1  06:21    0.2    0.0   0.00   9.1    28.0  16:35   SSE
06    68.0   76.4  15:30   59.7  05:48    0.0    3.1   0.00  12.6    32.0  16:00   SSE
07    59.3   70.2  04:30   49.7  23:51    5.1    0.0   0.00  12.8    30.0  13:04   WSW
08    59.9   76.0  17:25   47.1  05:11    3.5    0.0   0.00   9.7    30.0  12:00   WSW
09    58.5   77.7  14:50   41.8  06:35    5.3    0.0   0.63   4.9    39.0  21:50   E
10    53.5   68.6  17:15   42.3  23:59    9.6    0.0   0.00   8.3    27.0  01:30   WNW
11    59.6   83.4  16:59   33.7  06:49    6.4    0.0   0.00   4.3    21.0  11:38   SW
---------------------------------------------------------------------------------------
      58.6   83.4    11    27.6     1    75.6    3.1   0.63   8.1    39.0     9    SSW

Max >=  90.0:  0
Max <=  32.0:  0
Min <=  32.0:  2
Min <=   0.0:  0
Max Rain    :  0.63 in ON 04/09/2021
Days of Rain: 1 (> 0.01 in) 1 (> 0.10 in) 0 (> 1.00 in)