NOAA-Style Climate Reports


Report for 2021 February
                   MONTHLY CLIMATOLOGICAL SUMMARY for FEB 2021


NAME: KX5I                  CITY: Hogshooter Valley, Bartlesville  STATE:  OK                 
ELEV: 720 ft    LAT: 36.7 N    LONG: 95.9 W


                   TEMPERATURE (F), RAIN (in), WIND SPEED (mph)

                                         HEAT   COOL         AVG
      MEAN                               DEG    DEG          WIND                  DOM
DAY   TEMP   HIGH  TIME    LOW   TIME    DAYS   DAYS   RAIN  SPEED   HIGH  TIME    DIR
---------------------------------------------------------------------------------------
01    34.0   47.4  16:13   24.1  07:02   29.2    0.0   0.00   3.1    13.0  00:02   NNW
02    38.4   55.8  15:07   27.7  07:25   23.2    0.0   0.00   3.1    18.0  14:25   E
03    39.1   58.9  13:32   27.5  04:36   21.8    0.0   0.00   5.8    27.0  13:20   SSE
04    40.0   55.1  05:07   21.7  23:55   26.6    0.0   0.00  10.5    36.0  08:05   NW
05    36.6   56.5  15:48   19.9  02:16   26.8    0.0   0.00   3.7    19.0  13:55   SW
06    33.9   41.6  13:28   25.9  23:54   31.3    0.0   0.00   6.0    23.0  18:25   NNE
07    24.1   27.1  22:52   21.0  08:12   41.0    0.0   0.00   5.5    18.0  00:15   NE
08    19.7   26.1  00:00   14.9  23:57   44.5    0.0   0.00   6.4    15.0  18:50   N
09    17.2   20.2  15:35   13.7  07:36   48.0    0.0   0.00   5.8    15.0  06:55   N
10    17.8   19.8  15:10   16.2  22:45   47.0    0.0   0.00   6.1    14.0  15:15   N
11    17.3   18.9  13:46   15.9  03:31   47.6    0.0   0.00   6.5    16.0  02:25   N
12    13.7   16.6  00:00   11.3  08:54   51.0    0.0   0.00   8.1    19.0  05:24   N
13    10.7   18.5  15:41    4.4  07:45   53.5    0.0   0.00   8.6    22.0  23:50   N
14     4.9    9.1  00:04   -0.1  23:57   60.5    0.0   0.00  10.4    29.0  09:30   N
15    -1.8    3.2  14:58   -9.4  23:51   68.1    0.0   0.00   8.7    24.0  02:55   NNW
16     0.1   11.5  17:14  -19.6  07:20   69.1    0.0   0.00   3.0    14.0  13:00   N
17    16.3   25.0  15:24    9.7  00:00   47.7    0.0   0.13   2.8    14.0  16:20   NNE
18    12.8   25.6  16:32    0.6  23:58   51.9    0.0   0.00   3.3    17.0  12:15   N
19    15.6   33.2  14:55   -5.0  06:44   50.9    0.0   0.01   3.3    17.0  17:15   SSE
20    28.4   43.4  16:55    0.0  09:02   43.3    0.0   0.00   5.3    20.0  14:15   SSE
21    40.8   52.0  14:57   24.9  23:49   26.5    0.0   0.00   8.5    28.0  04:35   SW
22    39.9   62.9  16:05   19.9  05:53   23.6    0.0   0.00   4.6    24.0  13:03   WSW
23    46.2   70.6  15:32   24.0  06:46   17.7    0.0   0.00   3.5    20.0  14:55   SSE
24    48.1   57.3  15:18   34.6  23:53   19.1    0.0   0.00   7.8    26.0  04:55   N
---------------------------------------------------------------------------------------
      24.7   70.6    23   -19.6    16   969.9    0.0   0.14   5.9    36.0     4    NNE

Max >=  90.0:  0
Max <=  32.0:  12
Min <=  32.0:  23
Min <=   0.0:  5
Max Rain    :  0.13 in ON 02/17/2021
Days of Rain: 1 (> 0.01 in) 1 (> 0.10 in) 0 (> 1.00 in)