NOAA-Style Climate Reports


Report for 2019 December
                   MONTHLY CLIMATOLOGICAL SUMMARY for DEC 2019


NAME: KX5I                  CITY: Hogshooter Valley, Bartlesville  STATE:  OK                 
ELEV: 720 ft    LAT: 36.7 N    LONG: 95.9 W


                   TEMPERATURE (F), RAIN (in), WIND SPEED (mph)

                                         HEAT   COOL         AVG
      MEAN                               DEG    DEG          WIND                  DOM
DAY   TEMP   HIGH  TIME    LOW   TIME    DAYS   DAYS   RAIN  SPEED   HIGH  TIME    DIR
---------------------------------------------------------------------------------------
01    39.2   43.9  14:46   32.9  23:59   26.6    0.0   0.00  10.5    32.0  00:04   WNW
02    36.0   49.6  15:57   27.4  07:12   26.5    0.0   0.00   3.1    14.0  02:05   NW
03    40.7   60.1  15:14   29.8  23:55   20.1    0.0   0.00   1.1    11.0  14:20   NNW
04    44.2   65.7  15:21   27.3  06:23   18.5    0.0   0.00   1.3    15.0  13:05   SW
05    53.2   70.1  14:52   38.5  05:52   10.7    0.0   0.00   3.1    24.0  12:49   SE
06    43.5   53.4  00:01   28.5  23:56   24.0    0.0   0.00   6.3    26.0  04:30   N
07    38.9   56.0  14:26   23.5  07:16   25.2    0.0   0.00   1.8    15.0  13:50   SE
08    49.1   60.1  14:00   40.7  01:27   14.6    0.0   0.00   6.9    23.0  13:45   SE
09    40.2   49.4  00:00   29.8  23:58   25.4    0.0   0.00   6.7    29.0  10:45   NW
10    33.4   49.3  16:05   24.2  23:35   28.2    0.0   0.00   1.4    10.0  13:46   NNW
---------------------------------------------------------------------------------------
      41.8   70.1     5    23.5     7   219.9    0.0   0.00   4.2    32.0     1    NNW

Max >=  90.0:  0
Max <=  32.0:  0
Min <=  32.0:  7
Min <=   0.0:  0
Max Rain    :  0.00 in ON --/--/----
Days of Rain: 0 (> 0.01 in) 0 (> 0.10 in) 0 (> 1.00 in)