NOAA-Style Climate Reports


Report for 2018 September
                   MONTHLY CLIMATOLOGICAL SUMMARY for SEP 2018


NAME: KX5I                  CITY: Hogshooter Valley, Bartlesville  STATE:  OK                 
ELEV: 720 ft    LAT: 36.7 N    LONG: 95.9 W


                   TEMPERATURE (F), RAIN (in), WIND SPEED (mph)

                                         HEAT   COOL         AVG
      MEAN                               DEG    DEG          WIND                  DOM
DAY   TEMP   HIGH  TIME    LOW   TIME    DAYS   DAYS   RAIN  SPEED   HIGH  TIME    DIR
---------------------------------------------------------------------------------------
01    82.7   93.7  15:19   72.7  07:04    0.0   18.2   0.00   6.4    19.0  16:45   SSE
02    80.9   90.4  15:03   71.7  06:21    0.0   16.0   0.00   5.6    19.0  14:50   SE
03    80.3   89.0  15:45   72.9  05:05    0.0   16.0   0.00   5.6    22.0  14:25   SE
04    79.0   87.7  15:07   72.6  23:53    0.0   15.1   0.00   7.1    23.0  16:35   SE
05    74.4   82.2  13:47   71.6  01:47    0.0   11.9   2.62   2.4    21.0  14:10   ESE
06    75.3   83.4  16:11   71.7  04:40    0.0   12.5   1.83   2.5    12.0  16:30   NNE
07    74.3   80.7  12:53   70.1  23:10    0.0   10.4   0.02   4.6    22.0  15:15   N
08    68.5   71.9  12:57   65.0  23:49    0.0    3.5   0.01   5.7    17.0  19:39   N
09    67.0   74.6  12:53   62.9  07:03    0.0    3.8   0.00   4.5    16.0  00:55   NNE
10    68.8   78.5  17:24   60.7  23:56    0.0    4.6   0.00   1.4    10.0  16:39   ESE
11    68.7   82.2  16:19   55.4  07:10    0.0    3.8   0.00   2.3    14.0  10:40   SE
12    70.6   82.6  16:44   58.0  06:21    0.0    5.3   0.00   2.8    13.0  10:35   SE
13    74.9   84.9  17:02   68.3  23:55    0.0   11.6   0.00   4.4    14.0  09:35   SSE
14    78.0   91.6  16:08   64.9  05:51    0.0   13.2   0.00   2.5    14.0  10:00   SE
15    75.9   91.9  14:20   66.4  07:17    0.0   14.2   0.00   1.2    11.0  13:25   ENE
16    77.8   91.8  15:13   65.9  06:43    0.0   13.9   0.00   1.1    10.0  11:40   ENE
17    78.5   93.2  15:59   65.1  06:50    0.0   14.1   0.00   1.7    12.0  14:04   E
18    80.5   95.5  15:04   68.0  07:15    0.0   16.8   0.00   3.0    18.0  12:05   SSE
19    80.8   95.4  16:54   68.1  06:14    0.0   16.8   0.00   3.7    20.0  14:15   S
20    82.0   94.3  15:11   71.3  05:00    0.0   17.8   0.00   6.0    25.0  15:22   S
---------------------------------------------------------------------------------------
      75.9   95.5    18    55.4    11     0.0  239.4   4.48   3.7    25.0    20    SE

Max >=  90.0:  9
Max <=  32.0:  0
Min <=  32.0:  0
Min <=   0.0:  0
Max Rain    :  2.62 in ON 09/05/2018
Days of Rain: 3 (> 0.01 in) 2 (> 0.10 in) 2 (> 1.00 in)