NOAA-Style Climate Reports


Report for 2019 August
                   MONTHLY CLIMATOLOGICAL SUMMARY for AUG 2019


NAME: KX5I                  CITY: Hogshooter Valley, Bartlesville  STATE:  OK                 
ELEV: 720 ft    LAT: 36.7 N    LONG: 95.9 W


                   TEMPERATURE (F), RAIN (in), WIND SPEED (mph)

                                         HEAT   COOL         AVG
      MEAN                               DEG    DEG          WIND                  DOM
DAY   TEMP   HIGH  TIME    LOW   TIME    DAYS   DAYS   RAIN  SPEED   HIGH  TIME    DIR
---------------------------------------------------------------------------------------
01    80.2   89.3  15:19   69.7  08:55    0.0   14.5   0.13   3.8    19.0  03:20   ESE
02    76.1   79.0  00:00   73.3  08:45    0.0   11.2   0.50   0.4    13.0  14:15   E
03    78.3   89.0  15:13   73.2  07:19    0.0   16.1   0.01   0.2    12.0  15:35   ENE
04    79.9   90.0  16:28   72.3  05:14    0.0   16.2   0.00   0.3    12.0  10:30   NE
05    81.6   94.7  17:23   68.1  06:21    0.0   16.4   0.00   0.1     8.0  11:30   ESE
06    84.0   99.1  16:30   71.7  05:51    0.0   20.4   0.00   0.7    22.0  20:56   S
07    79.5   88.8  17:36   70.1  06:41    0.0   14.5   0.00   3.2    23.0  11:45   SSE
08    73.2   78.8  19:03   68.2  09:24    0.0    8.5   2.45   2.9    34.0  04:35   ENE
09    76.2   85.2  18:02   70.8  06:04    0.0   13.0   0.02   0.1     8.0  11:57   ESE
10    83.6   96.0  16:48   72.9  01:39    0.0   19.5   0.01   2.5    13.0  11:40   ESE
11    85.6   95.4  17:39   76.5  06:25    0.0   21.0   0.00   3.3    19.0  16:30   SE
12    85.7   97.9  16:43   73.5  06:50    0.0   20.7   0.29   4.1    29.0  21:30   S
13    80.6   91.0  16:35   73.7  06:07    0.0   17.3   0.00   1.1    19.0  00:40   N
14    80.5   91.4  15:38   70.3  23:58    0.0   15.9   0.00   0.7    11.0  02:54   N
15    80.7   95.0  16:38   66.0  06:33    0.0   15.5   0.00   1.1    13.0  14:45   SE
16    79.7   89.3  15:52   72.0  04:37    0.0   15.7   0.02   4.8    32.0  08:20   SE
17    81.5   91.4  17:10   69.4  09:54    0.0   15.4   0.24   5.2    25.0  09:00   SE
18    80.5   89.3  17:12   71.5  07:04    0.0   15.4   0.05   4.0    24.0  10:25   SE
19    85.4   97.3  15:26   75.3  07:11    0.0   21.3   0.00   3.1    14.0  13:57   SE
---------------------------------------------------------------------------------------
      80.7   99.1     6    66.0    15     0.0  308.2   3.72   2.2    34.0     8    ESE

Max >=  90.0:  11
Max <=  32.0:  0
Min <=  32.0:  0
Min <=   0.0:  0
Max Rain    :  2.45 in ON 08/08/2019
Days of Rain: 8 (> 0.01 in) 5 (> 0.10 in) 1 (> 1.00 in)