NOAA-Style Climate Reports


Report for 2017 August
                   MONTHLY CLIMATOLOGICAL SUMMARY for AUG 2017


NAME: KX5I                  CITY: Hogshooter Valley, Bartlesville  STATE:  OK                 
ELEV: 720 ft    LAT: 36.7 N    LONG: 95.9 W


                   TEMPERATURE (F), RAIN (in), WIND SPEED (mph)

                                         HEAT   COOL         AVG
      MEAN                               DEG    DEG          WIND                  DOM
DAY   TEMP   HIGH  TIME    LOW   TIME    DAYS   DAYS   RAIN  SPEED   HIGH  TIME    DIR
---------------------------------------------------------------------------------------
01    72.9   78.1  14:05   67.4  23:57    0.0    7.8   0.09   2.3    13.0  04:10   NNE
02    76.1   90.8  15:25   62.5  04:10    0.0   11.7   0.01   1.9    16.0  13:45   ENE
03    73.7   93.8  14:07   62.4  06:34    0.0   13.1   1.29   2.7    24.0  17:10   SSE
04    72.2   82.1  17:42   62.6  23:18    0.0    7.3   0.33   3.3    15.0  10:50   NE
05    77.9   94.0  16:39   62.1  00:42    0.0   13.0   0.34   6.7    26.0  16:00   ESE
06    73.0   80.6  18:10   67.8  07:33    0.0    9.2   2.74   3.9    30.0  01:35   N
07    73.9   83.6  16:53   67.4  02:38    0.0   10.5   0.00   3.1    13.0  14:15   NNE
08    75.1   85.0  16:47   65.9  06:32    0.0   10.5   0.00   3.3    13.0  13:25   NE
09    76.2   87.3  15:17   64.9  06:38    0.0   11.1   0.00   3.0    16.0  11:29   SSE
10    78.7   90.2  15:55   67.5  06:51    0.0   13.8   0.92   4.1    57.0  19:50   SSE
11    77.4   86.1  17:10   70.5  00:15    0.0   13.3   0.04   1.3    16.0  16:05   NNE
12    72.6   76.2  14:18   68.2  07:00    0.0    7.2   0.05   1.3     8.0  09:40   NNE
13    74.7   84.8  17:34   66.7  05:41    0.0   10.8   0.00   3.5    13.0  13:10   ENE
14    75.5   85.7  16:14   69.3  03:59    0.0   12.5   0.00   3.1    14.0  15:15   ESE
15    76.5   88.0  16:11   68.8  02:35    0.0   13.4   0.05   1.2    18.0  18:21   S
16    79.1   90.7  14:45   68.8  22:26    0.0   14.8   1.44   7.2    25.0  21:15   S
17    76.9   88.7  17:22   68.7  02:03    0.0   13.7   0.00   1.6    12.0  09:33   WNW
18    77.6   90.6  15:22   65.6  03:01    0.0   13.1   0.00   3.2    16.0  15:10   SW
19    82.9   95.2  16:24   70.4  05:54    0.0   17.8   0.00   2.5    12.0  15:10   SSW
20    84.4   95.0  14:31   73.2  06:28    0.0   19.1   0.00   4.4    20.0  15:40   S
21    83.2   92.2  16:41   75.1  06:52    0.0   18.6   0.00   5.9    20.0  14:55   SE
---------------------------------------------------------------------------------------
      76.7   95.2    19    62.1     5     0.0  262.2   7.30   3.3    57.0    10    NE

Max >=  90.0:  9
Max <=  32.0:  0
Min <=  32.0:  0
Min <=   0.0:  0
Max Rain    :  2.74 in ON 08/06/2017
Days of Rain: 10 (> 0.01 in) 6 (> 0.10 in) 3 (> 1.00 in)