NOAA-Style Climate Reports
Select a Year or Month report
2024: Jan Feb Mar Apr May Jun Jul Aug Sep Oct Nov Dec
2023: Jan Feb Mar Apr May Jun Jul Aug Sep Oct Nov Dec
2022: Jan Feb Mar Apr May Jun Jul Aug Sep Oct Nov Dec
2021: Jan Feb Mar Apr May Jun Jul Aug Sep Oct Nov Dec
2020: Jan Feb Mar Apr May Jun Jul Aug Sep Oct Nov Dec
2019: Jan Feb Mar Apr May Jun Jul Aug Sep Oct Nov Dec
2018: Jan Feb Mar Apr May Jun Jul Aug Sep Oct Nov Dec
2017: Jan Feb Mar Apr May Jun Jul Aug Sep Oct Nov Dec
2016: Jan Feb Mar Apr May Jun Jul Aug Sep Oct Nov Dec
2015: Jan Feb Mar Apr May Jun Jul Aug Sep Oct Nov Dec
2014: Jan Feb Mar Apr May Jun Jul Aug Sep Oct Nov Dec
2013: Jan Feb Mar Apr May Jun Jul Aug Sep Oct Nov Dec
2012: Jan Feb Mar Apr May Jun Jul Aug Sep Oct Nov Dec
2011: Jan Feb Mar Apr May Jun Jul Aug Sep Oct Nov Dec
2010: Jan Feb Mar Apr May Jun Jul Aug Sep Oct Nov Dec
2024: Jan Feb Mar Apr May Jun Jul Aug Sep Oct Nov Dec
2023: Jan Feb Mar Apr May Jun Jul Aug Sep Oct Nov Dec
2022: Jan Feb Mar Apr May Jun Jul Aug Sep Oct Nov Dec
2021: Jan Feb Mar Apr May Jun Jul Aug Sep Oct Nov Dec
2020: Jan Feb Mar Apr May Jun Jul Aug Sep Oct Nov Dec
2019: Jan Feb Mar Apr May Jun Jul Aug Sep Oct Nov Dec
2018: Jan Feb Mar Apr May Jun Jul Aug Sep Oct Nov Dec
2017: Jan Feb Mar Apr May Jun Jul Aug Sep Oct Nov Dec
2016: Jan Feb Mar Apr May Jun Jul Aug Sep Oct Nov Dec
2015: Jan Feb Mar Apr May Jun Jul Aug Sep Oct Nov Dec
2014: Jan Feb Mar Apr May Jun Jul Aug Sep Oct Nov Dec
2013: Jan Feb Mar Apr May Jun Jul Aug Sep Oct Nov Dec
2012: Jan Feb Mar Apr May Jun Jul Aug Sep Oct Nov Dec
2011: Jan Feb Mar Apr May Jun Jul Aug Sep Oct Nov Dec
2010: Jan Feb Mar Apr May Jun Jul Aug Sep Oct Nov Dec
Report for 2024 March
MONTHLY CLIMATOLOGICAL SUMMARY for MAR 2024 NAME: KX5I CITY: Hogshooter Valley, Bartlesville STATE: OK ELEV: 720 ft LAT: 36.7 N LONG: 95.9 W TEMPERATURE (F), RAIN (in), WIND SPEED (mph) HEAT COOL AVG MEAN DEG DEG WIND DOM DAY TEMP HIGH TIME LOW TIME DAYS DAYS RAIN SPEED HIGH TIME DIR --------------------------------------------------------------------------------------- 01 44.7 58.7 16:06 33.1 07:05 19.1 0.0 0.00 3.0 18.0 14:00 SSE 02 59.0 79.8 16:19 40.7 01:51 4.7 0.0 0.00 5.9 25.0 15:15 SSE 03 69.7 80.9 14:30 58.1 06:08 0.0 4.5 0.00 8.8 26.0 09:15 S 04 69.6 81.3 15:16 54.3 23:58 0.0 2.8 0.00 7.3 32.0 11:00 S 05 50.8 57.5 12:26 40.8 06:40 15.9 0.0 0.00 3.5 16.0 08:55 NNW 06 46.1 47.2 00:00 43.2 01:29 19.8 0.0 0.00 2.0 10.0 03:05 NE 07 57.9 72.0 14:53 46.3 00:00 5.8 0.0 0.75 3.6 18.0 15:02 E 08 47.7 59.4 00:00 37.7 23:31 16.4 0.0 0.24 4.3 22.0 21:15 NNE 09 44.9 56.2 15:49 35.7 06:34 19.0 0.0 0.00 3.0 18.0 10:30 NW 10 49.6 68.2 16:38 31.7 07:55 15.1 0.0 0.00 2.0 15.0 13:30 SW 11 56.0 72.7 16:22 39.9 07:57 8.7 0.0 0.00 4.0 21.0 15:15 SSE 12 62.3 77.6 15:50 47.1 07:46 2.7 0.0 0.00 6.6 26.0 14:35 SSE 13 66.2 77.4 15:44 54.4 07:10 0.0 0.9 0.01 5.8 24.0 14:20 SSE 14 70.3 82.1 17:12 53.9 23:58 0.0 3.0 0.00 5.1 24.0 10:50 SSW 15 56.2 64.7 15:51 46.8 23:58 9.3 0.0 0.00 4.5 25.0 12:00 NNE 16 55.0 69.2 17:22 39.3 05:14 10.8 0.0 0.00 1.3 11.0 16:02 NNE 17 53.3 61.3 15:14 37.9 23:59 15.4 0.0 0.00 3.7 23.0 11:54 NNE 18 38.7 49.6 17:35 29.2 08:00 25.6 0.0 0.00 2.6 16.0 09:55 NNW --------------------------------------------------------------------------------------- 55.4 82.1 14 29.2 18 188.2 11.2 1.00 4.3 32.0 4 SE Max >= 90.0: 0 Max <= 32.0: 0 Min <= 32.0: 2 Min <= 0.0: 0 Max Rain : 0.75 in ON 03/07/2024 Days of Rain: 2 (> 0.01 in) 2 (> 0.10 in) 0 (> 1.00 in)