NOAA-Style Climate Reports


Report for 2018 February
                   MONTHLY CLIMATOLOGICAL SUMMARY for FEB 2018


NAME: KX5I                  CITY: Hogshooter Valley, Bartlesville  STATE:  OK                 
ELEV: 720 ft    LAT: 36.7 N    LONG: 95.9 W


                   TEMPERATURE (F), RAIN (in), WIND SPEED (mph)

                                         HEAT   COOL         AVG
      MEAN                               DEG    DEG          WIND                  DOM
DAY   TEMP   HIGH  TIME    LOW   TIME    DAYS   DAYS   RAIN  SPEED   HIGH  TIME    DIR
---------------------------------------------------------------------------------------
01    38.3   45.9  12:16   21.1  23:57   31.5    0.0   0.00   8.1    27.0  11:54   N
02    29.9   44.8  15:40   13.7  07:14   35.8    0.0   0.00   4.3    14.0  13:20   SE
03    38.6   52.5  14:53   28.5  23:58   24.5    0.0   0.00   7.1    25.0  12:45   SSE
04    25.0   37.4  09:34   12.7  22:43   40.0    0.0   0.00   7.7    34.0  10:25   NNW
05    22.5   36.6  16:46    9.6  03:24   41.9    0.0   0.00   4.6    23.0  12:08   SSW
06    24.3   30.1  12:07   16.8  06:58   41.5    0.0   0.00   6.3    18.0  00:15   NNE
07    26.2   41.2  16:15   15.7  07:34   36.5    0.0   0.00   4.6    17.0  00:00   N
08    38.0   60.3  15:33   15.3  07:21   27.2    0.0   0.00   6.2    23.0  14:45   SSE
09    44.7   61.5  15:01   34.2  21:18   17.1    0.0   0.00   7.1    22.0  16:10   SSE
10    23.4   34.7  00:00   20.0  09:24   37.7    0.0   0.00   8.6    22.0  04:44   N
11    22.1   32.7  16:40   10.6  23:28   43.3    0.0   0.00   5.1    17.0  02:55   NW
12    26.6   43.2  15:12    8.1  03:51   39.3    0.0   0.00   3.7    16.0  12:50   N
13    40.3   55.5  14:46   22.5  05:13   26.0    0.0   0.00   5.6    27.0  15:10   ESE
14    53.7   69.2  15:26   44.4  07:12    8.2    0.0   0.00   8.9    24.0  06:11   SSE
15    68.7   81.6  15:02   54.0  23:59    0.0    2.8   0.00  11.6    32.0  12:15   S
16    40.6   54.0  00:00   33.6  08:13   21.2    0.0   0.00   8.7    32.0  01:00   N
17    43.2   60.7  16:20   29.9  23:53   19.7    0.0   0.38   3.8    18.0  04:55   NW
18    45.0   56.8  15:23   29.0  02:11   22.1    0.0   0.01   9.6    33.0  17:30   SSE
19    55.7   69.1  13:54   39.2  19:49   10.9    0.0   0.30   9.8    30.0  02:25   S
20    35.2   51.7  05:37   26.4  23:54   26.0    0.0   0.80   3.6    30.0  07:15   NNW
21    26.2   29.9  23:29   22.8  06:54   38.7    0.0   0.00   0.0     0.0  00:00   NNW
22    34.6   39.2  15:28   29.9  00:00   30.5    0.0   0.33   1.0    18.0  14:10   N
23    39.0   41.5  13:38   36.2  00:00   26.1    0.0   0.65   2.6    15.0  21:35   N
24    40.7   52.6  14:48   29.0  23:55   24.2    0.0   0.24   4.1    26.0  15:30   WNW
---------------------------------------------------------------------------------------
      36.8   81.6    15     8.1    12   669.9    2.8   2.71   5.9    34.0     4    NNW

Max >=  90.0:  0
Max <=  32.0:  2
Min <=  32.0:  18
Min <=   0.0:  0
Max Rain    :  0.80 in ON 02/20/2018
Days of Rain: 6 (> 0.01 in) 6 (> 0.10 in) 0 (> 1.00 in)