NOAA-Style Climate Reports


Report for 2019 July
                   MONTHLY CLIMATOLOGICAL SUMMARY for JUL 2019


NAME: KX5I                  CITY: Hogshooter Valley, Bartlesville  STATE:  OK                 
ELEV: 720 ft    LAT: 36.7 N    LONG: 95.9 W


                   TEMPERATURE (F), RAIN (in), WIND SPEED (mph)

                                         HEAT   COOL         AVG
      MEAN                               DEG    DEG          WIND                  DOM
DAY   TEMP   HIGH  TIME    LOW   TIME    DAYS   DAYS   RAIN  SPEED   HIGH  TIME    DIR
---------------------------------------------------------------------------------------
01    80.8   91.5  16:46   69.2  05:51    0.0   15.3   0.00   0.8    15.0  14:35   SE
02    80.8   90.4  16:20   70.8  05:41    0.0   15.6   0.00   4.7    19.0  13:28   SSE
03    73.2   86.3  15:32   67.4  10:29    0.0   11.9   1.66   1.3    27.0  16:00   E
04    81.2   91.2  17:10   72.9  00:00    0.0   17.0   0.00   4.1    19.0  15:51   SSE
05    78.5   92.3  15:17   69.5  23:55    0.0   15.9   0.94   3.4    31.0  16:40   SSE
06    75.5   89.8  14:34   68.7  02:17    0.0   14.2   0.02   0.5    17.0  16:41   SSE
07    79.0   89.7  18:16   71.6  03:26    0.0   15.6   0.00   0.0     0.0  00:00   SE
08    81.8   91.6  15:41   72.4  04:52    0.0   17.0   0.00   2.8    16.0  13:34   SE
09    83.6   94.1  16:05   72.7  04:41    0.0   18.4   0.00   3.5    19.0  11:58   SSE
10    79.7   90.8  11:24   73.5  12:14    0.0   17.2   0.34   0.4    30.0  11:30   ESE
11    78.7   88.3  16:54   68.6  23:55    0.0   13.5   0.00   1.6    13.0  14:36   N
12    77.0   88.1  17:41   64.9  06:21    0.0   11.5   0.00   0.4    14.0  14:13   NE
13    80.1   90.2  16:16   67.5  06:17    0.0   13.8   0.00   0.9    15.0  12:50   ENE
14    80.9   88.3  16:06   73.1  06:30    0.0   15.7   0.00   1.3    18.0  14:50   ENE
15    76.2   87.7  14:15   67.6  06:14    0.0   12.6   0.00   0.8    13.0  09:55   NNE
16    80.8   95.0  17:46   66.2  06:17    0.0   15.6   0.00   0.4    12.0  15:23   NE
17    87.2   97.2  15:39   78.4  06:31    0.0   22.8   0.00   5.7    21.0  14:52   SSE
18    86.6   96.4  15:53   78.2  06:49    0.0   22.3   0.00   8.4    23.0  11:41   S
19    86.5   97.8  16:28   75.1  06:29    0.0   21.5   0.00   6.7    21.0  10:10   SSE
---------------------------------------------------------------------------------------
      80.4   97.8    19    64.9    12     0.0  307.5   2.96   2.5    31.0     5    SE

Max >=  90.0:  12
Max <=  32.0:  0
Min <=  32.0:  0
Min <=   0.0:  0
Max Rain    :  1.66 in ON 07/03/2019
Days of Rain: 4 (> 0.01 in) 3 (> 0.10 in) 1 (> 1.00 in)