NOAA-Style Climate Reports


Report for 2017 December
                   MONTHLY CLIMATOLOGICAL SUMMARY for DEC 2017


NAME: KX5I                  CITY: Hogshooter Valley, Bartlesville  STATE:  OK                 
ELEV: 720 ft    LAT: 36.7 N    LONG: 95.9 W


                   TEMPERATURE (F), RAIN (in), WIND SPEED (mph)

                                         HEAT   COOL         AVG
      MEAN                               DEG    DEG          WIND                  DOM
DAY   TEMP   HIGH  TIME    LOW   TIME    DAYS   DAYS   RAIN  SPEED   HIGH  TIME    DIR
---------------------------------------------------------------------------------------
01    44.7   58.3  14:46   30.2  05:01   20.8    0.0   0.00   3.3    16.0  11:34   SE
02    49.1   66.9  14:06   34.5  07:24   14.3    0.0   0.00   0.9    10.0  10:55   SE
03    56.2   69.9  15:30   39.7  02:28   10.2    0.0   0.00   6.0    26.0  22:10   SE
04    63.7   77.7  13:51   42.4  23:59    5.0    0.0   0.00  14.0    33.0  12:05   S
05    38.1   47.8  15:55   31.5  23:26   25.4    0.0   0.00   6.3    23.0  01:05   WNW
06    36.4   54.9  14:24   20.6  06:16   27.2    0.0   0.00   3.6    20.0  16:05   W
07    27.0   36.3  15:11   12.7  23:55   40.5    0.0   0.00   6.1    25.0  01:50   NNW
08    25.5   45.7  15:28    9.3  06:00   37.5    0.0   0.00   2.8    16.0  12:25   S
09    35.5   52.6  15:02   21.9  23:59   27.8    0.0   0.00   4.9    23.0  13:55   NW
10    39.0   64.7  15:05   19.8  02:42   22.8    0.0   0.00   3.2    17.0  13:50   WNW
11    45.8   69.9  14:27   22.6  07:52   18.7    0.0   0.00   6.0    26.0  16:15   WNW
---------------------------------------------------------------------------------------
      41.9   77.7     4     9.3     8   250.1    0.0   0.00   5.2    33.0     4    WNW

Max >=  90.0:  0
Max <=  32.0:  0
Min <=  32.0:  8
Min <=   0.0:  0
Max Rain    :  0.00 in ON --/--/----
Days of Rain: 0 (> 0.01 in) 0 (> 0.10 in) 0 (> 1.00 in)