NOAA-Style Climate Reports


Report for 2018 November
                   MONTHLY CLIMATOLOGICAL SUMMARY for NOV 2018


NAME: KX5I                  CITY: Hogshooter Valley, Bartlesville  STATE:  OK                 
ELEV: 720 ft    LAT: 36.7 N    LONG: 95.9 W


                   TEMPERATURE (F), RAIN (in), WIND SPEED (mph)

                                         HEAT   COOL         AVG
      MEAN                               DEG    DEG          WIND                  DOM
DAY   TEMP   HIGH  TIME    LOW   TIME    DAYS   DAYS   RAIN  SPEED   HIGH  TIME    DIR
---------------------------------------------------------------------------------------
01    50.2   58.2  16:48   42.6  23:35   14.6    0.0   0.14   2.9    14.0  00:05   NNW
02    48.8   61.1  14:49   36.6  23:57   16.2    0.0   0.00   5.3    26.0  12:10   NW
03    54.3   67.0  15:45   36.3  00:10   13.4    0.0   0.49   6.6    27.0  12:55   SSE
04    47.8   57.4  15:47   36.9  22:30   17.8    0.0   0.00   4.7    19.0  08:40   W
05    40.2   41.1  23:00   39.3  23:56   24.8    0.0   0.00   0.0     1.0  23:14   WNW
06    48.8   82.6  17:05   35.7  03:07    5.8    0.0   0.00   3.8    14.0  14:59   N
07    48.1   58.3  14:39   40.1  04:43   15.8    0.0   0.00   5.9    19.0  14:15   NNE
08    41.9   46.5  00:00   36.0  20:05   23.8    0.0   0.11   6.3    19.0  08:20   NNE
09    35.4   46.9  14:04   22.1  23:58   30.5    0.0   0.00   7.3    23.0  14:00   NNW
10    32.2   46.4  15:37   16.7  05:41   33.5    0.0   0.00   5.9    20.0  13:05   SE
11    43.7   50.2  14:52   37.2  02:25   21.3    0.0   0.00   5.5    16.0  20:25   E
12    32.1   42.2  00:00   25.5  23:15   31.1    0.0   0.00  10.3    27.0  14:05   N
13    24.9   32.9  15:14   16.7  23:54   40.2    0.0   0.00   4.5    15.0  10:50   NNW
14    25.2   40.2  15:27   13.1  06:33   38.3    0.0   0.00   1.5    12.0  13:00   N
15    36.8   91.9  14:25   17.3  05:32   10.4    0.0   0.00   3.4    18.0  13:40   SSE
---------------------------------------------------------------------------------------
      40.7   91.9    15    13.1    14   337.5    0.0   0.74   4.9    27.0     3    NNW

Max >=  90.0:  1
Max <=  32.0:  0
Min <=  32.0:  6
Min <=   0.0:  0
Max Rain    :  0.49 in ON 11/03/2018
Days of Rain: 3 (> 0.01 in) 3 (> 0.10 in) 0 (> 1.00 in)