NOAA-Style Climate Reports


Report for 2016
                   ANNUAL CLIMATOLOGICAL SUMMARY for 2016


NAME: KX5I                  CITY: Hogshooter Valley, Bartlesville  STATE:  OK                 
ELEV: 720 ft    LAT: 36.7 N    LONG: 95.9 W


                 TEMPERATURE (F), RAIN (in), WIND SPEED (mph)

                            DEP.    HEAT    COOL
          MEAN  MEAN        FROM    DEG     DEG                          MAX  MAX  MIN   MIN
 YR  MO   MAX   MIN   MEAN  NORM    DAYS    DAYS     HI DATE   LOW DATE  >=90 <=32 <=32  <=0
---------------------------------------------------------------------------------------------
2016 01   46.9  24.8  35.3  -0.7   904.1     0.0   74.5  29    9.8  10      0    4   25    0
2016 02   59.7  29.7  45.3   5.4   587.9     0.0   81.7  20   15.0   4      0    0   20    0
2016 03   67.0  39.8  54.0   3.2   366.9     7.0   81.0  23   22.4  21      0    0    8    0
2016 04   73.0  49.0  61.5   0.9   145.8    25.7   85.7   5   31.1   2      0    0    1    0
2016 05   76.4  54.3  65.9  -1.7    94.6   105.2   88.2  29   38.8   3      0    0    0    0
2016 06   92.0  68.0  79.9   1.3     0.0   450.0   99.3  23   53.9   6     21    0    0    0
2016 07   92.3  72.2  82.0   0.0     0.0   535.0  100.3  24   67.8  14     22    0    0    0
2016 08   93.3  69.6  80.6   0.6     0.0   510.2  101.9  11   51.3  22     23    0    0    0
2016 09   87.5  61.6  73.9   1.8     8.7   295.2   96.5   6   43.0  27     13    0    0    0
2016 10   78.7  53.7  65.4   4.8    80.4   116.3   89.0   5   33.9  21      0    0    0    0
2016 11   66.3  39.6  52.7   4.3   385.9    23.4   82.9   2   22.4  20      0    0   12    0
2016 12   48.6  24.7  37.0  -1.5   880.3     0.0   69.7  25   -1.1  19      0    2   24    1
---------------------------------------------------------------------------------------------
          73.5  48.9  61.1   1.5  3454.5  2067.9  101.9 AUG   -1.1 DEC     79    6   90    1


                            PRECIPITATION (in)

                  DEP.    MAX         ---DAYS OF RAIN---
                  FROM    OBS.                OVER
 YR  MO  TOTAL    NORM    DAY  DATE   0.01   0.10   1.00
---------------------------------------------------------
2016 01   0.34   -0.46   0.20    7       4      1      0
2016 02   0.67   -0.58   0.36    2       3      2      0
2016 03   3.03    0.61   2.05   30       6      4      1
2016 04   3.84   -0.26   1.10   17      10      6      1
2016 05   4.95   -0.30   1.83   25      12      5      2
2016 06   1.69   -1.52   0.48   26       6      6      0
2016 07   4.61    1.29   2.71    3      13      7      1
2016 08   2.36   -1.03   1.19   29       8      5      1
2016 09   1.58   -1.17   0.47   14       7      6      0
2016 10   4.57    1.80   2.78    6       6      5      1
2016 11   0.40   -1.77   0.25   22       3      2      0
2016 12   0.69   -0.89   0.30   25       4      3      0
---------------------------------------------------------
         28.73   -4.27   2.78  OCT      82     52      7


                              WIND SPEED (mph)

                              DOM
 YR  MO    AVG     HI   DATE  DIR
----------------------------------
2016 01    4.5   32.0    14    NW
2016 02    6.0   54.0     8     S
2016 03    6.6   39.0     7    SE
2016 04    5.7   36.0     5   ESE
2016 05    4.2   43.0    24    SE
2016 06    3.3   29.0    26   SSE
2016 07    4.2   44.0     3    SE
2016 08    3.3   34.0    26    SE
2016 09    3.3   41.0     9    SE
2016 10    4.9   38.0     4    SE
2016 11    4.1   38.0    17   SSE
2016 12    4.3   34.0    30   NNW
----------------------------------
           4.5   54.0   FEB    SE