NOAA-Style Climate Reports


Report for 2018 July
                   MONTHLY CLIMATOLOGICAL SUMMARY for JUL 2018


NAME: KX5I                  CITY: Hogshooter Valley, Bartlesville  STATE:  OK                 
ELEV: 720 ft    LAT: 36.7 N    LONG: 95.9 W


                   TEMPERATURE (F), RAIN (in), WIND SPEED (mph)

                                         HEAT   COOL         AVG
      MEAN                               DEG    DEG          WIND                  DOM
DAY   TEMP   HIGH  TIME    LOW   TIME    DAYS   DAYS   RAIN  SPEED   HIGH  TIME    DIR
---------------------------------------------------------------------------------------
01    78.6   86.1  18:29   72.8  00:10    0.0   14.5   0.57   3.5    21.0  06:20   SSE
02    82.9   93.3  17:39   72.0  05:35    0.0   17.7   0.00   2.3    15.0  14:40   SE
03    85.0   96.6  16:03   71.9  06:24    0.0   19.2   0.00   4.5    17.0  13:25   SE
04    83.3   93.2  16:45   64.7  20:50    0.0   13.9   0.00   4.2    17.0  18:26   SE
05    84.1   95.7  18:08   69.8  06:24    0.0   17.8   0.00   1.7    11.0  12:05   E
06    79.5   94.9  13:26   73.4  14:20    0.0   19.2   0.36   2.4    30.0  13:45   N
07    82.0   92.8  17:58   72.9  23:55    0.0   17.9   0.00   3.2    12.0  10:05   NE
08    78.9   91.3  17:35   63.5  06:01    0.0   12.4   0.00   2.4    15.0  13:30   E
09    81.3   93.8  18:56   68.3  05:27    0.0   16.1   0.00   1.7    11.0  16:05   SSW
10    83.6   95.3  15:50   70.9  06:22    0.0   18.1   0.00   1.5    12.0  15:30   SSE
11    84.3   97.5  16:08   72.9  06:18    0.0   20.2   0.28   1.8    17.0  16:49   SSE
12    85.0   97.9  17:11   72.1  06:27    0.0   20.0   0.00   3.0    15.0  12:25   SSE
13    83.8   94.9  17:04   71.7  06:30    0.0   18.3   0.00   4.0    18.0  15:15   SSE
14    80.1   89.2  15:39   69.8  03:20    0.0   14.5   0.32   1.9    17.0  05:50   SE
---------------------------------------------------------------------------------------
      82.3   97.9    12    63.5     8     0.0  239.6   1.53   2.7    30.0     6    SE

Max >=  90.0:  12
Max <=  32.0:  0
Min <=  32.0:  0
Min <=   0.0:  0
Max Rain    :  0.57 in ON 07/01/2018
Days of Rain: 4 (> 0.01 in) 4 (> 0.10 in) 0 (> 1.00 in)