NOAA-Style Climate Reports


Report for 2018 May
                   MONTHLY CLIMATOLOGICAL SUMMARY for MAY 2018


NAME: KX5I                  CITY: Hogshooter Valley, Bartlesville  STATE:  OK                 
ELEV: 720 ft    LAT: 36.7 N    LONG: 95.9 W


                   TEMPERATURE (F), RAIN (in), WIND SPEED (mph)

                                         HEAT   COOL         AVG
      MEAN                               DEG    DEG          WIND                  DOM
DAY   TEMP   HIGH  TIME    LOW   TIME    DAYS   DAYS   RAIN  SPEED   HIGH  TIME    DIR
---------------------------------------------------------------------------------------
01    72.7   80.0  15:51   66.1  06:36    0.0    8.0   0.00  12.4    30.0  16:08   SSE
02    75.6   81.9  16:02   62.7  23:41    0.0    7.3   0.95  11.6    50.0  22:45   SSE
03    68.9   77.5  17:33   63.1  00:34    0.0    5.3   0.27  10.1    32.0  15:20   SSE
04    65.2   73.6  16:55   54.9  23:58    0.8    0.0   0.00   4.2    18.0  05:35   NW
05    66.9   84.2  17:43   47.5  06:32    0.0    0.8   0.00   1.4    12.0  14:44   W
06    71.0   88.4  15:49   51.5  04:41    0.0    5.0   0.00   3.4    20.0  13:20   WSW
07    73.1   88.9  16:11   56.0  05:09    0.0    7.5   0.00   1.1    13.0  12:15   ESE
08    76.0   90.3  15:02   60.1  03:06    0.0   10.2   0.00   7.3    32.0  14:00   SSE
09    78.0   90.2  16:41   61.6  06:49    0.0   10.9   0.00   4.1    18.0  16:55   S
10    75.9   87.0  15:11   67.4  05:54    0.0   12.2   0.01   7.2    24.0  15:00   SSE
11    76.1   86.6  15:25   66.0  04:02    0.0   11.3   0.00  11.9    33.0  12:13   SSE
12    78.1   86.1  14:28   71.9  23:40    0.0   14.0   0.00  10.0    28.0  11:50   SSE
13    78.6   89.8  15:03    0.0  07:29   20.1    0.0   0.00   6.7    24.0  15:06   SSE
14    79.1   90.9  14:34   65.2  23:52    0.0   13.0   0.40   7.4    34.0  23:25   SSE
15    71.7   81.1  15:55   64.1  05:28    0.0    7.6   0.36   3.1    23.0  00:25   SSW
16    72.0   83.2  16:55   62.7  05:35    0.0    7.9   0.00   0.6    13.0  17:00   S
17    73.2   86.0  16:52   59.0  06:21    0.0    7.5   0.00   0.4    12.0  20:55   NNE
18    75.0   87.0  15:51   61.4  06:31    0.0    9.2   0.00   1.8    16.0  13:40   E
19    73.2   86.8  14:48   66.2  16:27    0.0   11.5   0.08   2.7    35.0  15:45   ENE
20    70.0   75.0  11:45   64.7  23:35    0.0    4.8   1.15   2.7    27.0  02:50   NW
21    70.1   81.5  17:20   56.4  06:39    0.0    4.0   0.00   0.7    11.0  14:55   NNW
22    63.2   77.0  09:54   60.0  06:09    0.0    3.5   0.00   0.0     7.0  09:39   ESE
23    72.0   83.9  12:05   64.6  05:45    0.0    9.2   0.09   0.8    24.0  13:30   NE
24    79.8   87.6  15:50   67.6  06:31    0.0   12.6   0.00   3.7    14.0  09:00   SE
25    74.9   84.2  16:22   66.7  05:18    0.0   10.4   0.00   2.4    17.0  08:25   SE
26    76.7   90.8  16:20   62.0  05:06    0.0   11.4   0.00   1.6    13.0  13:45   E
27    77.7   90.7  16:11   63.3  05:54    0.0   12.0   0.00   2.3    12.0  17:36   E
28    79.1   91.5  16:57   64.0  06:09    0.0   12.8   0.00   1.8    15.0  13:45   SSE
29    80.6   91.2  16:32   70.4  02:17    0.0   15.8   0.05   3.4    37.0  23:55   ESE
30    73.0   90.6  18:50   62.0  06:25    0.0   11.3   0.77   5.2    37.0  00:08   SSW
31    80.0   89.2  15:50   68.0  05:30    0.0   13.6   0.44   5.3    39.0  02:55   S
---------------------------------------------------------------------------------------
      74.1   91.5    28     0.0    13    20.8  270.8   4.57   4.4    50.0     2    SSE

Max >=  90.0:  8
Max <=  32.0:  0
Min <=  32.0:  1
Min <=   0.0:  1
Max Rain    :  1.15 in ON 05/20/2018
Days of Rain: 10 (> 0.01 in) 7 (> 0.10 in) 1 (> 1.00 in)