NOAA-Style Climate Reports


Report for 2018 March
                   MONTHLY CLIMATOLOGICAL SUMMARY for MAR 2018


NAME: KX5I                  CITY: Hogshooter Valley, Bartlesville  STATE:  OK                 
ELEV: 720 ft    LAT: 36.7 N    LONG: 95.9 W


                   TEMPERATURE (F), RAIN (in), WIND SPEED (mph)

                                         HEAT   COOL         AVG
      MEAN                               DEG    DEG          WIND                  DOM
DAY   TEMP   HIGH  TIME    LOW   TIME    DAYS   DAYS   RAIN  SPEED   HIGH  TIME    DIR
---------------------------------------------------------------------------------------
01    47.3   58.9  15:52   31.9  23:43   19.6    0.0   0.00   8.3    28.0  04:25   NNW
02    46.8   65.4  15:01   24.9  07:00   19.8    0.0   0.00   5.5    22.0  15:10   SE
03    54.7   69.2  15:40   40.7  06:13   10.1    0.0   0.00   8.5    26.0  11:35   SE
04    55.7   60.2  13:17   49.8  01:38   10.0    0.0   0.00  10.7    28.0  17:30   SE
05    53.6   62.0  13:57   30.7  23:57   18.6    0.0   0.00  10.4    32.0  08:05   WNW
06    43.4   56.4  12:35   29.3  01:33   22.1    0.0   0.00  12.5    42.0  13:05   WNW
07    37.7   53.2  16:04   25.6  06:58   25.6    0.0   0.00   5.9    23.0  15:05   NW
08    40.7   56.6  16:32   22.0  07:01   25.7    0.0   0.00   2.7    15.0  16:35   E
09    52.9   72.0  14:36   35.2  02:00   11.4    0.0   0.00   4.9    21.0  10:24   S
10    52.6   69.2  16:38   38.3  06:22   11.3    0.0   0.00   1.4    14.0  23:55   SSW
11    45.7   50.9  14:38   39.5  23:58   19.8    0.0   0.00  10.9    26.0  09:35   NNW
12    40.0   49.1  17:28   28.1  23:55   26.4    0.0   0.00   4.7    17.0  04:40   NW
13    39.3   57.8  16:06   23.6  04:23   24.3    0.0   0.00   3.2    15.0  11:35   NNW
14    43.9   66.0  16:38   20.0  07:36   22.0    0.0   0.00   4.0    28.0  10:30   SSE
15    60.0   77.4  16:41   36.5  00:54    8.0    0.0   0.00  10.3    32.0  16:20   SSE
16    67.5   78.6  15:50   54.1  23:59    0.0    1.3   0.02  12.6    29.0  15:50   S
17    49.8   62.1  17:01   37.9  07:22   15.0    0.0   0.00   4.7    21.0  13:00   NNW
18    50.4   63.6  15:56   38.5  06:29   14.0    0.0   0.46   3.5    15.0  17:07   E
19    49.7   55.6  05:14   46.0  14:37   14.2    0.0   0.01  10.5    30.0  12:30   WNW
20    46.2   54.8  17:15   33.5  23:57   20.9    0.0   0.00   8.4    23.0  06:35   NW
21    44.0   61.1  17:38   27.3  07:32   20.8    0.0   0.00   2.0    12.0  14:55   NW
22    58.1   75.8  17:17   39.7  06:03    7.2    0.0   0.00   7.6    28.0  13:15   SE
23    64.3   72.1  16:38   55.7  05:43    1.1    0.0   0.00  11.2    29.0  10:20   SSE
24    62.4   70.6  15:55   45.4  23:55    7.0    0.0   0.00   7.9    23.0  10:45   NNW
25    48.9   61.8  14:44   38.7  05:25   14.8    0.0   0.00   4.9    21.0  13:30   ENE
26    60.1   67.9  16:01   53.6  00:00    4.2    0.0   0.20   8.3    27.0  10:45   SE
27    48.8   62.1  00:07   44.1  23:53   11.9    0.0   0.26   5.5    19.0  08:19   NNW
28    49.6   57.9  18:24   44.1  00:00   14.0    0.0   0.00   1.2    12.0  13:05   NW
29    49.4   55.4  15:31   45.1  22:16   14.8    0.0   0.00   6.7    21.0  09:17   NNW
30    50.3   64.0  17:08   34.8  07:36   15.6    0.0   0.00   4.1    14.0  18:30   NNW
31    57.5   72.8  15:45   43.6  23:52    6.8    0.0   0.00   8.2    30.0  11:10   SSE
---------------------------------------------------------------------------------------
      50.7   78.6    16    20.0    14   457.0    1.3   0.95   6.8    42.0     6    NW

Max >=  90.0:  0
Max <=  32.0:  0
Min <=  32.0:  10
Min <=   0.0:  0
Max Rain    :  0.46 in ON 03/18/2018
Days of Rain: 4 (> 0.01 in) 3 (> 0.10 in) 0 (> 1.00 in)