NOAA-Style Climate Reports


Report for 2017 November
                   MONTHLY CLIMATOLOGICAL SUMMARY for NOV 2017


NAME: KX5I                  CITY: Hogshooter Valley, Bartlesville  STATE:  OK                 
ELEV: 720 ft    LAT: 36.7 N    LONG: 95.9 W


                   TEMPERATURE (F), RAIN (in), WIND SPEED (mph)

                                         HEAT   COOL         AVG
      MEAN                               DEG    DEG          WIND                  DOM
DAY   TEMP   HIGH  TIME    LOW   TIME    DAYS   DAYS   RAIN  SPEED   HIGH  TIME    DIR
---------------------------------------------------------------------------------------
01    51.3   68.9  16:50   33.7  02:20   13.7    0.0   0.00   6.3    23.0  14:45   SE
02    62.9   79.2  15:51   52.3  22:48    0.0    0.7   0.01   5.8    22.0  19:52   SSE
03    51.9   54.3  00:00   50.3  22:36   12.7    0.0   0.00   4.6    17.0  00:55   NNW
04    54.0   62.9  17:03   50.2  00:02    8.4    0.0   0.00   1.0     6.0  10:55   NNW
05    56.1   69.8  08:48   46.8  22:56    6.7    0.0   0.01   4.3    21.0  10:51   N
06    41.9   42.0  23:31   41.9  23:00   23.0    0.0   0.00   5.3     9.0  23:14   NNW
07    43.6   47.6  15:27   41.6  06:28   20.4    0.0   0.00   6.6    18.0  15:30   N
08    43.2   55.7  14:24   29.8  23:54   22.2    0.0   0.00   3.6    14.0  00:10   NNE
09    43.7   61.1  13:12   26.9  06:38   21.0    0.0   0.00   2.0    13.0  23:55   ENE
10    47.0   62.7  14:24   33.6  07:09   16.9    0.0   0.00   4.4    17.0  14:00   E
11    50.9   54.6  16:01   43.3  00:58   16.1    0.0   0.00   7.0    20.0  11:10   SE
12    52.3   55.5  14:50   48.7  22:56   12.9    0.0   0.00   4.1    16.0  10:45   NNE
13    53.9   58.4  14:36   48.3  04:43   11.6    0.0   0.02   4.3    16.0  19:40   ENE
14    56.5   59.7  16:22   53.7  07:14    8.3    0.0   0.08   7.5    19.0  14:29   SSE
15    54.2   64.1  14:36   34.0  23:43   16.0    0.0   0.00   5.1    25.0  12:35   NNW
16    51.3   65.8  13:41   31.5  07:10   16.3    0.0   0.00   5.4    19.0  21:00   SE
17    68.3   81.3  15:13   58.2  03:37    0.0    4.8   0.00  11.3    29.0  11:48   S
18    54.2   72.4  02:46   37.6  23:41   10.0    0.0   0.00  10.2    36.0  12:50   NW
19    42.5   59.2  14:47   27.9  07:32   21.5    0.0   0.00   2.5    15.0  12:50   SW
20    50.4   65.0  14:21   32.8  06:49   16.1    0.0   0.00   8.3    29.0  14:20   S
21    46.8   60.5  14:01   32.3  23:24   18.6    0.0   0.00   6.2    26.0  13:20   NNW
22    33.1   46.8  15:10   23.9  06:04   29.7    0.0   0.00   2.5    11.0  00:53   W
23    44.1   68.3  15:17   26.6  01:43   17.5    0.0   0.00   2.1    10.0  09:45   SSW
24    57.3   79.1  15:25   38.5  00:24    6.2    0.0   0.00   5.5    23.0  14:10   S
25    52.1   64.6  13:25   32.7  23:56   16.4    0.0   0.00   3.9    15.0  03:55   N
26    46.9   68.9  14:05   28.5  07:17   16.3    0.0   0.00   2.6    15.0  11:35   S
27    56.7   73.3  14:28   36.4  01:50   10.1    0.0   0.00   9.2    29.0  20:50   S
28    61.2   71.0  12:09   54.2  07:11    2.4    0.0   0.00   7.5    24.0  11:02   S
29    49.9   57.2  00:00   42.4  22:40   15.2    0.0   0.23   4.7    18.0  01:30   NNW
30    46.9   60.3  15:04   33.6  23:56   18.1    0.0   0.00   3.4    17.0  11:14   N
---------------------------------------------------------------------------------------
      50.8   81.3    17    23.9    22   424.3    5.5   0.35   5.2    36.0    18    N

Max >=  90.0:  0
Max <=  32.0:  0
Min <=  32.0:  7
Min <=   0.0:  0
Max Rain    :  0.23 in ON 11/29/2017
Days of Rain: 3 (> 0.01 in) 1 (> 0.10 in) 0 (> 1.00 in)