NOAA-Style Climate Reports


Report for 2017 March
                   MONTHLY CLIMATOLOGICAL SUMMARY for MAR 2017


NAME: KX5I                  CITY: Hogshooter Valley, Bartlesville  STATE:  OK                 
ELEV: 720 ft    LAT: 36.7 N    LONG: 95.9 W


                   TEMPERATURE (F), RAIN (in), WIND SPEED (mph)

                                         HEAT   COOL         AVG
      MEAN                               DEG    DEG          WIND                  DOM
DAY   TEMP   HIGH  TIME    LOW   TIME    DAYS   DAYS   RAIN  SPEED   HIGH  TIME    DIR
---------------------------------------------------------------------------------------
01    46.9   59.2  14:51   28.5  23:58   21.1    0.0   0.00   7.1    30.0  00:50   NW
02    41.9   64.5  15:06   22.6  06:03   21.5    0.0   0.00   3.7    24.0  12:25   WNW
03    50.0   70.3  14:56   27.2  02:30   16.2    0.0   0.00   6.4    27.0  15:00   S
04    57.4   71.2  14:41   41.9  07:03    8.5    0.0   0.00  11.1    33.0  22:25   S
05    57.8   63.4  14:28   53.7  06:58    6.4    0.0   0.00  13.0    32.0  21:45   SSE
06    66.9   79.3  15:43   48.0  21:36    1.3    0.0   0.18  15.4    43.0  21:17   S
07    51.0   65.3  14:36   33.7  23:57   15.5    0.0   0.00   5.6    30.0  12:10   W
08    49.8   73.9  15:47   27.0  06:58   14.5    0.0   0.00   4.6    32.0  14:55   S
09    62.6   85.2  16:02   38.9  01:44    3.0    0.0   0.00   6.8    29.0  12:30   S
10    47.9   55.9  15:37   39.5  07:03   17.3    0.0   0.00   7.6    25.0  01:35   NNE
11    40.3   46.4  00:00   32.3  23:52   25.6    0.0   0.04   5.7    15.0  00:25   NNE
12    37.8   46.6  17:18   28.0  07:51   27.7    0.0   0.05   2.8    19.0  17:25   E
13    38.2   45.0  15:50   31.1  09:12   27.0    0.0   0.01   7.8    30.0  07:35   NNW
14    33.7   41.1  16:54   28.4  01:23   30.3    0.0   0.00   2.1    13.0  12:45   N
15    40.2   52.2  16:42   29.4  02:29   24.2    0.0   0.00   2.5    18.0  15:15   E
16    54.2   69.6  15:08   38.7  07:20   10.9    0.0   0.00   9.4    30.0  18:40   SSE
17    65.2   79.4  14:51   54.2  07:44    0.0    1.8   0.00   3.6    20.0  00:15   S
18    59.7   74.8  17:00   42.6  04:51    6.3    0.0   0.00   2.3    18.0  12:40   NE
19    72.9   88.1  15:43   58.5  04:37    0.0    8.3   0.00   8.1    29.0  16:35   SE
20    76.3   91.6  17:58   62.1  23:57    0.0   11.8   0.00   5.9    20.0  03:30   S
21    62.7   75.2  12:08   52.9  05:58    1.0    0.0   0.00   5.9    26.0  16:25   NNE
22    57.1   62.7  15:52   52.3  09:24    7.5    0.0   0.00   6.6    22.0  04:45   ENE
23    66.8   80.9  16:47   52.9  07:44    0.0    1.9   0.00  11.4    31.0  18:00   SE
24    67.9   71.8  16:57   60.5  22:04    0.0    1.2   0.00  11.6    38.0  06:20   SE
25    50.7   61.8  00:00   47.4  08:17   10.4    0.0   0.52   7.2    23.0  01:35   WNW
26    55.2   71.0  15:31   37.0  07:37   11.0    0.0   0.00   3.0    27.0  23:25   ESE
27    55.9   60.5  00:00   51.7  09:43    8.9    0.0   0.54   4.0    16.0  09:10   NNW
28    58.8   67.6  16:49   52.6  09:00    4.9    0.0   0.00   4.4    26.0  23:55   NE
29    61.6   70.8  12:25   49.7  23:57    4.7    0.0   1.77   9.8    30.0  11:50   SSW
30    48.4   51.2  17:10   45.2  07:59   16.8    0.0   0.00   8.5    25.0  12:39   W
31    51.3   58.4  18:13   47.2  05:40   12.2    0.0   0.00   4.1    16.0  22:05   N
---------------------------------------------------------------------------------------
      54.4   91.6    20    22.6     2   354.7   25.0   3.11   6.7    43.0     6    SSE

Max >=  90.0:  1
Max <=  32.0:  0
Min <=  32.0:  8
Min <=   0.0:  0
Max Rain    :  1.77 in ON 03/29/2017
Days of Rain: 6 (> 0.01 in) 4 (> 0.10 in) 1 (> 1.00 in)