NOAA-Style Climate Reports


Report for 2016 November
                   MONTHLY CLIMATOLOGICAL SUMMARY for NOV 2016


NAME: KX5I                  CITY: Hogshooter Valley, Bartlesville  STATE:  OK                 
ELEV: 720 ft    LAT: 36.7 N    LONG: 95.9 W


                   TEMPERATURE (F), RAIN (in), WIND SPEED (mph)

                                         HEAT   COOL         AVG
      MEAN                               DEG    DEG          WIND                  DOM
DAY   TEMP   HIGH  TIME    LOW   TIME    DAYS   DAYS   RAIN  SPEED   HIGH  TIME    DIR
---------------------------------------------------------------------------------------
01    71.7   82.4  14:21   62.1  05:23    0.0    7.2   0.00   8.2    27.0  12:53   SSE
02    74.0   82.9  15:14   67.3  00:33    0.0   10.1   0.00   5.3    25.0  11:20   SSE
03    64.6   73.5  01:23   52.6  23:03    2.0    0.0   0.00   2.6    13.0  16:00   N
04    59.2   74.5  15:26   51.5  23:55    2.0    0.0   0.01   1.2    13.0  15:00   NE
05    57.2   74.2  15:50   44.8  23:41    5.5    0.0   0.00   0.9    13.0  10:48   ESE
06    54.1   70.3  14:13   37.5  06:18   11.1    0.0   0.00   1.4    15.0  13:15   E
07    59.7   59.8  23:00   59.6  23:13    5.3    0.0   0.00   0.0     0.0  23:00   N
08    59.7   63.0  15:45   54.4  23:59    6.3    0.0   0.10   3.3    17.0  10:35   N
09    50.8   65.4  14:21   35.9  23:58   14.3    0.0   0.00   1.1    12.0  11:21   NNE
10    49.3   70.5  15:13   32.0  06:43   13.8    0.0   0.00   2.1    16.0  11:55   SSW
11    51.5   66.2  14:07   37.9  06:46   13.0    0.0   0.00   2.2    16.0  14:40   N
12    46.8   61.2  14:37   31.9  23:52   18.5    0.0   0.00   0.9    13.0  00:30   NNE
13    46.8   65.5  14:32   29.3  04:43   17.6    0.0   0.00   3.5    19.0  11:32   ESE
14    52.6   70.0  14:41   40.9  01:45    9.5    0.0   0.00   0.4    10.0  09:45   WNW
15    52.5   76.7  15:13   36.6  07:13    8.4    0.0   0.00   1.4    15.0  12:50   SW
16    59.9   81.1  15:05   37.5  06:48    5.7    0.0   0.00   4.7    18.0  13:31   SSE
17    70.4   79.6  13:41   62.4  07:22    0.0    6.0   0.00  13.2    38.0  11:21   SSE
18    50.2   71.5  00:55   37.8  23:09   10.4    0.0   0.00  10.4    30.0  01:20   WNW
19    36.3   49.7  14:30   25.5  23:54   27.4    0.0   0.00   2.9    14.0  09:50   NW
20    40.6   59.1  15:20   22.4  07:14   24.3    0.0   0.00   4.4    23.0  13:50   SE
21    49.5   65.2  14:09   29.6  06:07   17.6    0.0   0.00   4.6    23.0  15:05   SE
22    59.2   67.9  15:05   47.0  23:56    7.5    0.0   0.25   9.7    29.0  14:50   SSE
23    46.8   51.4  13:59   31.4  23:54   23.6    0.0   0.00   5.7    24.0  04:40   NW
24    42.5   60.3  14:50   27.3  05:37   21.2    0.0   0.00   3.1    20.0  13:10   SSE
25    41.9   54.4  15:28   27.2  23:56   24.2    0.0   0.00   2.1    14.0  00:00   NW
26    40.6   56.8  15:22   24.9  04:32   24.2    0.0   0.00   2.7    18.0  15:45   SSE
27    51.2   57.1  23:49   46.4  02:07   13.2    0.0   0.04  10.6    30.0  20:05   SSE
28    54.9   63.1  15:44   34.4  23:08   16.2    0.0   0.00   5.8    24.0  03:29   SSW
29    46.2   62.7  14:27   31.7  07:38   17.8    0.0   0.00   3.7    16.0  12:00   WSW
30    38.8   52.3  14:55   26.9  21:29   25.4    0.0   0.00   5.9    28.0  11:05   WNW
---------------------------------------------------------------------------------------
      52.7   82.9     2    22.4    20   385.9   23.4   0.40   4.1    38.0    17    SSE

Max >=  90.0:  0
Max <=  32.0:  0
Min <=  32.0:  12
Min <=   0.0:  0
Max Rain    :  0.25 in ON 11/22/2016
Days of Rain: 3 (> 0.01 in) 2 (> 0.10 in) 0 (> 1.00 in)