NOAA-Style Climate Reports


Report for 2016 July
                   MONTHLY CLIMATOLOGICAL SUMMARY for JUL 2016


NAME: KX5I                  CITY: Hogshooter Valley, Bartlesville  STATE:  OK                 
ELEV: 720 ft    LAT: 36.7 N    LONG: 95.9 W


                   TEMPERATURE (F), RAIN (in), WIND SPEED (mph)

                                         HEAT   COOL         AVG
      MEAN                               DEG    DEG          WIND                  DOM
DAY   TEMP   HIGH  TIME    LOW   TIME    DAYS   DAYS   RAIN  SPEED   HIGH  TIME    DIR
---------------------------------------------------------------------------------------
01    77.0   85.9  14:04   69.8  04:23    0.0   12.9   0.29   1.2    11.0  22:06   WNW
02    82.2   95.3  16:56   72.2  00:40    0.0   18.8   0.01   5.0    23.0  17:00   SE
03    76.4   86.6  15:25   70.2  03:36    0.0   13.4   2.71   4.6    44.0  02:50   ESE
04    73.8   74.4  00:05   72.2  01:35    0.0    8.3   0.00   1.9     8.0  01:00   SW
05    89.5   95.5  16:38   76.0  06:20    0.0   20.8   0.00   6.4    20.0  13:20   S
06    84.3   95.7  16:58   69.9  07:08    0.0   17.8   0.22   6.4    27.0  06:30   S
07    85.8   93.4  16:15   80.6  07:28    0.0   22.0   0.02   8.3    26.0  16:25   SSE
08    80.2   88.3  13:11   72.8  11:01    0.0   15.6   0.33   3.7    24.0  13:25   SE
09    81.5   91.1  16:37   74.8  06:58    0.0   18.0   0.01   4.3    19.0  11:00   SSE
10    82.6   93.4  16:16   70.7  05:28    0.0   17.0   0.00   5.6    18.0  12:25   SE
11    83.3   92.3  16:19   73.4  05:57    0.0   17.9   0.00  10.4    31.0  12:50   SSE
12    82.3   91.0  16:50   70.0  09:51    0.0   15.5   0.40   8.4    31.0  12:25   SSE
13    84.7   93.7  16:58   77.2  04:41    0.0   20.4   0.04   8.5    27.0  10:20   SSE
14    78.6   88.3  01:06   67.8  23:24    0.0   13.1   0.08   3.2    37.0  13:35   SE
15    77.4   88.0  16:59   67.9  00:00    0.0   13.0   0.03   2.5    17.0  10:55   SE
16    80.8   91.5  17:26   69.3  06:33    0.0   15.4   0.00   3.1    16.0  15:45   ESE
17    84.0   94.6  15:49   74.3  23:55    0.0   19.5   0.00   6.8    23.0  16:10   SSE
18    83.4   95.1  15:37   71.2  03:23    0.0   18.1   0.00   3.7    15.0  11:55   SSE
19    84.2   94.3  17:18   73.0  06:12    0.0   18.7   0.00   2.5    12.0  08:45   SSE
20    86.0   96.3  16:42   75.7  05:37    0.0   21.0   0.00   3.7    16.0  11:47   S
21    86.2   98.2  15:33   72.0  06:29    0.0   20.1   0.00   4.5    19.0  14:25   S
22    86.3   99.8  16:04   71.0  06:29    0.0   20.4   0.00   3.3    15.0  15:15   S
23    86.1   99.9  16:14   70.9  06:39    0.0   20.4   0.00   3.2    18.0  13:40   S
24    86.3  100.3  17:29   73.5  06:42    0.0   21.9   0.00   3.1    17.0  11:15   SSE
25    80.9   89.9  15:19   75.1  10:39    0.0   17.5   0.00   4.0    29.0  09:05   E
26    80.3   91.8  14:17   74.7  23:56    0.0   18.2   0.11   1.1    16.0  13:32   NE
27    79.7   90.6  16:21   72.1  04:23    0.0   16.3   0.30   0.2    10.0  11:20   NE
28    80.6   92.9  15:18   71.6  06:20    0.0   17.2   0.00   1.6    32.0  23:30   NE
29    77.2   88.0  18:18   67.8  05:02    0.0   12.9   0.02   1.8    15.0  09:15   NNW
30    77.1   87.6  17:51   68.9  06:40    0.0   13.2   0.04   1.2    14.0  15:40   SSE
31    84.5   97.2  16:26   72.5  06:44    0.0   19.8   0.00   5.7    19.0  10:13   SSE
---------------------------------------------------------------------------------------
      82.0  100.3    24    67.8    14     0.0  535.0   4.61   4.2    44.0     3    SE

Max >=  90.0:  22
Max <=  32.0:  0
Min <=  32.0:  0
Min <=   0.0:  0
Max Rain    :  2.71 in ON 07/03/2016
Days of Rain: 13 (> 0.01 in) 7 (> 0.10 in) 1 (> 1.00 in)