NOAA-Style Climate Reports


Report for 2016 March
                   MONTHLY CLIMATOLOGICAL SUMMARY for MAR 2016


NAME: KX5I                  CITY: Hogshooter Valley, Bartlesville  STATE:  OK                 
ELEV: 720 ft    LAT: 36.7 N    LONG: 95.9 W


                   TEMPERATURE (F), RAIN (in), WIND SPEED (mph)

                                         HEAT   COOL         AVG
      MEAN                               DEG    DEG          WIND                  DOM
DAY   TEMP   HIGH  TIME    LOW   TIME    DAYS   DAYS   RAIN  SPEED   HIGH  TIME    DIR
---------------------------------------------------------------------------------------
01    47.8   61.0  00:51   28.6  23:57   20.2    0.0   0.00   6.6    23.0  13:25   NW
02    47.2   67.5  14:48   24.9  05:37   18.8    0.0   0.00   6.5    32.0  14:55   SSE
03    50.1   63.5  16:12   33.6  23:58   16.5    0.0   0.00   6.3    33.0  08:55   NW
04    48.8   72.1  15:24   27.0  06:58   15.5    0.0   0.00   4.3    24.0  15:35   SSE
05    54.6   72.7  15:26   33.0  06:55   12.2    0.0   0.00   1.5    17.0  14:05   NE
06    61.8   74.8  13:25   41.4  04:43    6.9    0.0   0.00  11.1    35.0  13:35   SE
07    65.0   68.0  13:23   60.1  23:48    1.0    0.0   0.04  14.8    39.0  23:00   SSE
08    58.2   62.4  12:30   52.2  21:52    7.7    0.0   0.58   5.9    34.0  00:55   E
09    57.1   62.2  15:26   52.2  01:46    7.8    0.0   0.00   2.3    12.0  14:47   N
10    56.6   67.1  15:33   41.4  23:57   10.8    0.0   0.00   4.3    22.0  15:20   NNE
11    53.3   67.2  14:32   41.1  00:18   10.9    0.0   0.04   3.8    21.0  15:20   ENE
12    56.1   62.5  17:38   48.5  23:41    9.5    0.0   0.00   1.4    14.0  10:44   E
13    57.0   66.1  12:07   46.3  23:50    8.8    0.0   0.14   2.3    17.0  10:10   NE
14    60.4   79.9  16:35   40.6  06:09    4.8    0.0   0.01   4.8    27.0  16:05   SE
15    61.4   72.8  13:04   50.7  07:58    3.2    0.0   0.00   7.0    32.0  15:25   WNW
16    49.8   64.1  18:14   34.4  05:02   15.8    0.0   0.00   1.5    13.0  15:35   W
17    54.0   70.7  16:53   35.7  01:31   11.8    0.0   0.00   1.0    12.0  18:15   NW
18    48.1   56.4  12:17   38.2  23:32   17.7    0.0   0.00   7.6    31.0  11:09   NNE
19    41.3   54.3  15:19   29.9  06:40   22.9    0.0   0.00   6.4    28.0  15:38   NW
20    39.6   52.1  17:15   28.7  23:55   24.6    0.0   0.00   5.8    23.0  10:30   NW
21    46.6   67.7  16:15   22.4  06:12   20.0    0.0   0.00   9.0    29.0  12:50   S
22    62.3   75.4  16:34   52.1  05:26    1.2    0.0   0.00  17.3    36.0  16:40   S
23    69.7   81.0  15:40   55.3  23:55    0.0    3.2   0.00  18.5    39.0  19:05   S
24    47.2   58.5  17:11   33.3  23:58   19.1    0.0   0.00  10.4    28.0  05:15   WNW
25    46.2   63.7  16:02   25.8  07:04   20.2    0.0   0.00   3.6    23.0  15:59   SE
26    57.8   72.7  16:27   46.7  02:32    5.3    0.0   0.00   6.4    27.0  22:50   SE
27    44.9   56.6  17:37   32.8  23:56   20.3    0.0   0.17   6.0    22.0  04:00   NNW
28    47.6   68.1  17:25   25.2  07:25   18.4    0.0   0.00   3.2    21.0  17:05   SE
29    58.9   73.2  16:24   37.4  04:50    9.7    0.0   0.00   8.4    29.0  11:45   SE
30    66.3   73.9  18:20   63.8  07:16    0.0    3.8   2.05   8.7    27.0  19:23   SSE
31    58.5   67.7  00:29   51.0  08:40    5.7    0.0   0.00   8.1    23.0  14:15   WNW
---------------------------------------------------------------------------------------
      54.0   81.0    23    22.4    21   366.9    7.0   3.03   6.6    39.0     7    SE

Max >=  90.0:  0
Max <=  32.0:  0
Min <=  32.0:  8
Min <=   0.0:  0
Max Rain    :  2.05 in ON 03/30/2016
Days of Rain: 6 (> 0.01 in) 4 (> 0.10 in) 1 (> 1.00 in)