NOAA-Style Climate Reports


Report for 2015 November
                   MONTHLY CLIMATOLOGICAL SUMMARY for NOV 2015


NAME: KX5I                  CITY: Hogshooter Valley, Bartlesville  STATE:  OK                 
ELEV: 720 ft    LAT: 36.7 N    LONG: 95.9 W


                   TEMPERATURE (F), RAIN (in), WIND SPEED (mph)

                                         HEAT   COOL         AVG
      MEAN                               DEG    DEG          WIND                  DOM
DAY   TEMP   HIGH  TIME    LOW   TIME    DAYS   DAYS   RAIN  SPEED   HIGH  TIME    DIR
---------------------------------------------------------------------------------------
01    52.4   74.4  14:43   38.0  04:43    8.8    0.0   0.00   0.5    16.0  12:05   SSE
02    50.4   50.9  23:15   49.2  23:55   14.9    0.0   0.00   0.0     0.0  23:00   SE
03    59.9   73.6  15:58   46.4  01:43    5.0    0.0   0.01   5.9    22.0  14:20   SE
04    62.9   70.0  16:04   57.8  01:23    1.1    0.0   0.00   4.7    24.0  12:50   SSE
05    64.4   69.5  10:58   53.4  23:58    3.5    0.0   0.43   5.8    21.0  12:15   SSE
06    51.6   65.0  15:01   39.9  05:32   12.5    0.0   0.00   2.1    14.0  12:15   N
07    49.2   65.0  14:26   36.7  23:56   14.1    0.0   0.00   1.5    12.0  10:46   NNE
08    44.1   62.6  15:02   29.9  06:58   18.8    0.0   0.00   0.7    15.0  09:50   ENE
09    46.4   66.1  14:58   31.5  06:10   16.2    0.0   0.00   1.5    14.0  13:46   SE
10    58.6   75.2  15:07   37.0  00:53    8.9    0.0   0.00   8.2    27.0  11:50   SE
11    63.5   77.8  12:46   44.7  23:53    3.7    0.0   0.00  14.2    43.0  12:10   SSW
12    47.5   65.5  14:50   32.3  23:57   16.1    0.0   0.00   3.5    18.0  10:39   WNW
13    44.6   68.8  15:08   27.4  06:59   16.9    0.0   0.00   1.0    16.0  12:55   S
14    48.2   68.9  13:50   28.4  07:07   16.3    0.0   0.00   4.0    26.0  12:35   SSE
15    53.3   56.8  18:59   49.5  08:42   11.9    0.0   0.19   8.4    25.0  22:15   SSE
16    55.7   63.4  23:59   49.3  01:47    8.6    0.0   0.58   9.8    28.0  23:00   SE
17    58.5   66.6  03:31   48.1  23:36    7.7    0.0   1.26   8.9    29.0  03:35   SSE
18    50.8   65.6  15:41   41.7  23:22   11.4    0.0   0.00   9.4    26.0  01:25   SSW
19    45.5   56.1  14:44   33.6  21:37   20.2    0.0   0.00   1.6    12.0  02:10   NNE
20    53.9   65.3  15:17   38.3  03:39   13.2    0.0   0.11   6.6    34.0  13:25   SSE
21    37.8   54.6  00:00   22.6  23:57   26.4    0.0   0.15   9.1    32.0  09:10   NNW
22    36.1   56.2  15:28   20.4  04:11   26.7    0.0   0.00   3.5    20.0  12:20   SSW
23    44.5   65.0  14:49   25.4  07:09   19.8    0.0   0.00   2.6    17.0  15:15   S
24    52.5   63.6  14:00   40.1  06:02   13.2    0.0   0.00   9.4    29.0  13:06   SSE
25    60.7   65.3  12:19   54.6  00:25    5.0    0.0   0.00  11.5    32.0  11:45   SSE
26    57.9   66.0  08:40   37.6  22:12   13.2    0.0   1.46  10.5    27.0  21:20   SSE
27    34.7   37.8  00:00   32.8  21:05   29.7    0.0   0.87   9.0    23.0  03:45   NNW
28    35.9   37.5  23:11   33.7  00:00   29.4    0.0   0.08   4.8    15.0  06:10   N
29    38.9   40.6  16:23   37.1  01:32   26.2    0.0   0.08   2.1    13.0  08:25   NNW
30    40.3   43.6  12:05   31.3  23:58   27.6    0.0   0.07   3.0    16.0  16:05   WNW
---------------------------------------------------------------------------------------
      50.0   77.8    11    20.4    22   447.0    0.0   5.29   5.5    43.0    11    SSE

Max >=  90.0:  0
Max <=  32.0:  0
Min <=  32.0:  8
Min <=   0.0:  0
Max Rain    :  1.46 in ON 11/26/2015
Days of Rain: 11 (> 0.01 in) 8 (> 0.10 in) 2 (> 1.00 in)