NOAA-Style Climate Reports


Report for 2015 March
                   MONTHLY CLIMATOLOGICAL SUMMARY for MAR 2015


NAME: KX5I                  CITY: Hogshooter Valley, Bartlesville  STATE:  OK                 
ELEV: 720 ft    LAT: 36.7 N    LONG: 95.9 W


                   TEMPERATURE (F), RAIN (in), WIND SPEED (mph)

                                         HEAT   COOL         AVG
      MEAN                               DEG    DEG          WIND                  DOM
DAY   TEMP   HIGH  TIME    LOW   TIME    DAYS   DAYS   RAIN  SPEED   HIGH  TIME    DIR
---------------------------------------------------------------------------------------
01    29.3   34.4  15:48   23.8  23:59   35.9    0.0   0.15   1.8     9.0  14:10   NNE
02    31.3   36.2  13:51   22.3  01:40   35.8    0.0   0.04   4.0    18.0  10:10   ESE
03    45.1   57.1  15:20   35.9  00:00   18.5    0.0   0.01   7.5    22.0  02:50   S
04    28.8   42.5  00:00   23.8  09:48   31.9    0.0   0.00   8.2    26.0  06:25   N
05    29.3   45.6  16:47   12.1  06:49   36.2    0.0   0.00   1.3    12.0  13:20   NW
06    39.8   60.3  15:40   18.9  06:46   25.4    0.0   0.00   5.5    21.0  11:35   S
07    50.3   70.8  15:13   29.0  06:53   15.1    0.0   0.00   4.8    18.0  10:50   S
08    50.0   59.8  17:12   40.1  05:58   15.1    0.0   0.00   3.8    19.0  18:17   SSE
09    45.7   55.8  14:57   33.9  04:35   20.1    0.0   0.15   1.3    12.0  13:50   SE
10    53.8   70.5  18:05   41.4  23:59    9.0    0.0   0.00   1.9    12.0  15:24   NW
11    53.9   75.9  15:39   35.3  05:00    9.4    0.0   0.00   1.7    15.0  14:45   WSW
12    55.8   73.9  15:35   37.2  05:37    9.4    0.0   0.00   2.6    20.0  15:15   E
13    55.5   56.8  01:53   53.6  05:15    9.8    0.0   0.43   4.6    17.0  14:30   NNE
14    56.4   65.7  16:30   43.1  23:56   10.6    0.0   0.00   3.8    20.0  09:15   N
15    54.2   74.9  16:49   33.5  05:53   10.8    0.0   0.00   0.0     8.0  12:40   E
16    59.8   79.5  15:21   39.3  07:50    5.6    0.0   0.00   3.5    24.0  13:35   S
17    56.1   60.7  14:30   49.4  06:17    9.9    0.0   0.00   6.8    29.0  10:25   NNE
18    48.6   52.8  00:25   45.7  10:14   15.8    0.0   0.29   3.2    16.0  10:05   NE
19    47.8   52.5  16:22   45.2  07:43   16.1    0.0   0.06   2.6    11.0  08:10   NNE
20    49.8   62.5  15:52   35.7  07:56   15.9    0.0   0.00   0.6     7.0  00:50   NNW
21    53.1   69.1  14:38   39.5  07:49   10.7    0.0   0.00   1.0    13.0  14:20   S
22    56.9   71.0  16:38   42.5  08:15    8.2    0.0   0.00   2.7    18.0  12:15   SE
23    59.5   76.4  17:27   42.5  07:13    5.5    0.0   0.00   1.9    18.0  18:20   ESE
24    65.1   81.4  14:43   47.0  23:39    0.8    0.0   0.00   8.7    32.0  15:10   SE
25    54.9   72.0  15:41   44.3  04:07    6.8    0.0   0.16   4.7    29.0  20:15   NE
26    48.3   58.6  17:32   41.0  07:53   15.2    0.0   0.02   6.0    26.0  01:35   N
27    46.4   53.9  16:55   39.6  06:34   18.2    0.0   0.00   3.2    20.0  08:20   N
28    55.0   68.8  15:39   44.1  07:46    8.5    0.0   0.00   4.5    23.0  09:56   SE
29    53.9   68.2  17:31   42.7  07:20    9.6    0.0   0.00   5.1    24.0  06:35   SSE
30    56.3   76.2  16:21   34.7  07:32    9.6    0.0   0.00   2.8    20.0  18:00   SSE
31    64.5   81.7  16:21   49.8  07:02    0.0    0.7   0.00   1.9    19.0  14:25   SE
---------------------------------------------------------------------------------------
      50.2   81.7    31    12.1     5   449.5    0.7   1.31   3.6    32.0    24    SE

Max >=  90.0:  0
Max <=  32.0:  0
Min <=  32.0:  6
Min <=   0.0:  0
Max Rain    :  0.43 in ON 03/13/2015
Days of Rain: 8 (> 0.01 in) 5 (> 0.10 in) 0 (> 1.00 in)