NOAA-Style Climate Reports


Report for 2019 February
                   MONTHLY CLIMATOLOGICAL SUMMARY for FEB 2019


NAME: KX5I                  CITY: Hogshooter Valley, Bartlesville  STATE:  OK                 
ELEV: 720 ft    LAT: 36.7 N    LONG: 95.9 W


                   TEMPERATURE (F), RAIN (in), WIND SPEED (mph)

                                         HEAT   COOL         AVG
      MEAN                               DEG    DEG          WIND                  DOM
DAY   TEMP   HIGH  TIME    LOW   TIME    DAYS   DAYS   RAIN  SPEED   HIGH  TIME    DIR
---------------------------------------------------------------------------------------
01    44.7   53.9  16:02   32.0  02:41   22.0    0.0   0.00   2.8    13.0  13:20   SE
02    53.7   65.6  15:08   39.0  01:42   12.7    0.0   0.00   6.8    23.0  22:35   SSE
03    61.4   69.3  14:00   55.9  05:22    2.4    0.0   0.00  12.0    32.0  13:50   SSE
04    47.5   62.3  02:49   36.6  23:58   15.6    0.0   0.00   8.0    23.0  08:24   N
05    33.1   36.6  00:00   31.7  08:18   30.9    0.0   0.01   5.8    14.0  00:55   N
06    32.9   35.3  16:15   31.1  06:26   31.8    0.0   0.78   5.4    22.0  21:23   N
07    22.2   32.6  00:00   15.9  22:01   40.8    0.0   0.31   0.5    21.0  01:00   NW
08    18.7   25.7  15:06   12.4  07:14   46.0    0.0   0.00   0.0     0.0  00:00   N
09    28.3   37.7  16:19   17.2  03:41   37.5    0.0   0.01   0.5    12.0  15:36   E
10    38.1   41.6  16:56   34.0  05:22   27.2    0.0   0.02   6.1    18.0  02:05   SSE
11    43.6   49.5  14:01   39.5  23:58   20.5    0.0   0.18   4.3    22.0  23:56   SE
12    39.0   51.5  15:42   26.4  23:51   26.0    0.0   0.00   7.6    27.0  05:25   WNW
13    45.0   62.2  14:56   24.4  02:35   21.7    0.0   0.00   9.5    34.0  11:40   S
14    52.9   67.6  15:49   31.8  23:37   15.3    0.0   0.00   9.8    25.0  00:50   SSW
15    26.6   31.8  00:00   22.4  21:34   37.9    0.0   0.00   8.3    23.0  04:30   NNE
16    26.8   32.2  21:31   22.1  07:18   37.8    0.0   0.00   4.9    14.0  00:05   NE
17    32.4   42.1  15:40   23.9  23:58   32.0    0.0   0.03   7.0    21.0  15:03   NW
18    27.4   37.0  15:07   18.4  07:04   37.3    0.0   0.00   6.1    17.0  12:35   N
19    32.4   40.5  14:03   28.0  04:37   30.8    0.0   0.17   5.7    18.0  05:05   NE
20    36.1   46.1  15:22   27.2  23:55   28.4    0.0   0.12   5.1    18.0  11:39   W
21    40.2   51.4  15:53   27.1  00:06   25.7    0.0   0.00   4.0    17.0  11:45   ENE
---------------------------------------------------------------------------------------
      37.3   69.3     3    12.4     8   580.2    0.0   1.63   5.7    34.0    13    N

Max >=  90.0:  0
Max <=  32.0:  2
Min <=  32.0:  16
Min <=   0.0:  0
Max Rain    :  0.78 in ON 02/06/2019
Days of Rain: 7 (> 0.01 in) 5 (> 0.10 in) 0 (> 1.00 in)